Last updated on 2025-10-22 23:49:57 CEST.
Flavor | Version | Tinstall | Tcheck | Ttotal | Status | Flags |
---|---|---|---|---|---|---|
r-devel-linux-x86_64-debian-clang | 0.1.1 | 5.44 | 67.98 | 73.42 | NOTE | |
r-devel-linux-x86_64-debian-gcc | 0.1.1 | 3.66 | 49.30 | 52.96 | NOTE | |
r-devel-linux-x86_64-fedora-clang | 0.1.1 | 21.00 | 90.42 | 111.42 | NOTE | |
r-devel-linux-x86_64-fedora-gcc | 0.1.1 | 33.00 | 76.70 | 109.70 | NOTE | |
r-devel-windows-x86_64 | 0.1.1 | 7.00 | 75.00 | 82.00 | OK | |
r-patched-linux-x86_64 | 0.1.1 | 5.26 | 61.66 | 66.92 | OK | |
r-release-linux-x86_64 | 0.1.1 | 4.31 | 62.13 | 66.44 | OK | |
r-release-macos-arm64 | 0.1.1 | 3.00 | 31.00 | 34.00 | OK | |
r-release-macos-x86_64 | 0.1.1 | 4.00 | 43.00 | 47.00 | OK | |
r-release-windows-x86_64 | 0.1.1 | 8.00 | 74.00 | 82.00 | OK | |
r-oldrel-macos-arm64 | 0.1.1 | 2.00 | 25.00 | 27.00 | OK | |
r-oldrel-macos-x86_64 | 0.1.1 | 4.00 | 39.00 | 43.00 | OK | |
r-oldrel-windows-x86_64 | 0.1.1 | 9.00 | 99.00 | 108.00 | OK |
Version: 0.1.1
Check: HTML version of manual
Result: NOTE
Found the following HTML validation problems:
NEWS.html:45:47 (NEWS.Rd:17): Warning: missing </p> before <a>
NEWS.html:45:5 (NEWS.Rd:17): Warning: missing </a> before <a>
NEWS.html:45:129 (NEWS.Rd:17): Warning: inserting implicit <p>
NEWS.html:45:133 (NEWS.Rd:17): Warning: discarding unexpected </a>
NEWS.html:45:47 (NEWS.Rd:17): Warning: trimming empty <p>
NEWS.html:45:129 (NEWS.Rd:17): Warning: trimming empty <p>
Flavor: r-devel-linux-x86_64-debian-clang
Version: 0.1.1
Check: Rd files
Result: NOTE
checkRd: (-1) geom_cloud.Rd:41: height/width attributes should be in pixels
Flavors: r-devel-linux-x86_64-debian-gcc, r-devel-linux-x86_64-fedora-clang, r-devel-linux-x86_64-fedora-gcc