Last updated on 2025-10-21 11:53:25 CEST.
Flavor | Version | Tinstall | Tcheck | Ttotal | Status | Flags |
---|---|---|---|---|---|---|
r-devel-linux-x86_64-debian-clang | 0.3.1 | 6.96 | 60.79 | 67.75 | NOTE | |
r-devel-linux-x86_64-debian-gcc | 0.3.1 | 4.96 | 41.83 | 46.79 | NOTE | |
r-devel-linux-x86_64-fedora-clang | 0.3.1 | 93.06 | OK | |||
r-devel-linux-x86_64-fedora-gcc | 0.3.1 | 15.00 | 71.39 | 86.39 | OK | |
r-devel-windows-x86_64 | 0.3.1 | 8.00 | 67.00 | 75.00 | OK | |
r-patched-linux-x86_64 | 0.3.1 | 7.00 | 52.61 | 59.61 | OK | |
r-release-linux-x86_64 | 0.3.1 | 6.73 | 52.37 | 59.10 | OK | |
r-release-macos-arm64 | 0.3.1 | 30.00 | OK | |||
r-release-macos-x86_64 | 0.3.1 | 7.00 | 54.00 | 61.00 | OK | |
r-release-windows-x86_64 | 0.3.1 | 10.00 | 68.00 | 78.00 | OK | |
r-oldrel-macos-arm64 | 0.3.1 | 35.00 | OK | |||
r-oldrel-macos-x86_64 | 0.3.1 | 70.00 | OK | |||
r-oldrel-windows-x86_64 | 0.3.1 | 11.00 | 85.00 | 96.00 | OK |
Version: 0.3.1
Check: HTML version of manual
Result: NOTE
Found the following HTML validation problems:
brick_row.html:78:1 (brick_row.Rd:30): Warning: missing </ul> before </div>
build_wall.html:62:1 (build_wall.Rd:18): Warning: missing </ul> before </div>
build_wall_waffle.html:62:1 (build_wall_waffle.Rd:18): Warning: missing </ul> before </div>
half_brick_row.html:73:1 (half_brick_row.Rd:27): Warning: missing </ul> before </div>
make_new_fill.html:54:1 (make_new_fill.Rd:14): Warning: missing </ul> before </div>
robust_random.html:50:1 (robust_random.Rd:12): Warning: missing </ul> before </div>
robust_round.html:50:1 (robust_round.Rd:12): Warning: missing </ul> before </div>
switch_pos.html:50:1 (switch_pos.Rd:12): Warning: missing </ul> before </div>
Flavors: r-devel-linux-x86_64-debian-clang, r-devel-linux-x86_64-debian-gcc