Last updated on 2025-10-21 17:49:49 CEST.
Flavor | Version | Tinstall | Tcheck | Ttotal | Status | Flags |
---|---|---|---|---|---|---|
r-devel-linux-x86_64-debian-clang | 0.2.6.2 | 78.44 | 77.49 | 155.93 | NOTE | |
r-devel-linux-x86_64-debian-gcc | 0.2.6.2 | 47.91 | 52.38 | 100.29 | NOTE | |
r-devel-linux-x86_64-fedora-clang | 0.2.6.2 | 186.00 | 86.50 | 272.50 | OK | |
r-devel-linux-x86_64-fedora-gcc | 0.2.6.2 | 147.00 | 89.69 | 236.69 | OK | |
r-devel-windows-x86_64 | 0.2.6.2 | 92.00 | 100.00 | 192.00 | OK | |
r-patched-linux-x86_64 | 0.2.6.2 | 76.87 | 70.03 | 146.90 | OK | |
r-release-linux-x86_64 | 0.2.6.2 | 78.95 | 69.75 | 148.70 | OK | |
r-release-macos-arm64 | 0.2.6.2 | 27.00 | 28.00 | 55.00 | OK | |
r-release-macos-x86_64 | 0.2.6.2 | 29.00 | 45.00 | 74.00 | OK | |
r-release-windows-x86_64 | 0.2.6.2 | 93.00 | 100.00 | 193.00 | OK | |
r-oldrel-macos-arm64 | 0.2.6.2 | 27.00 | 31.00 | 58.00 | OK | |
r-oldrel-macos-x86_64 | 0.2.6.2 | 29.00 | 49.00 | 78.00 | OK | |
r-oldrel-windows-x86_64 | 0.2.6.2 | 110.00 | 132.00 | 242.00 | OK |
Version: 0.2.6.2
Check: HTML version of manual
Result: NOTE
Found the following HTML validation problems:
ConvertChains.html:58:1 (ConvertChains.Rd:16): Warning: missing </ul> before </div>
DIC.html:52:1 (DIC.Rd:15): Warning: missing </ul> before </div>
GetPNames.html:46:1 (GetPNames.Rd:10): Warning: missing </ul> before </div>
StartNewsamples.html:141:1 (StartNewsamples.Rd:73): Warning: missing </ul> before </div>
check_pvec.html:50:1 (check_pvec.Rd:12): Warning: missing </ul> before </div>
dbeta_lu.html:66:1 (dbeta_lu.Rd:20): Warning: missing </ul> before </div>
dcauchy_l.html:58:1 (dcauchy_l.Rd:16): Warning: missing </ul> before </div>
dconstant.html:66:1 (dconstant.Rd:20): Warning: missing </ul> before </div>
deviance.model.html:53:1 (deviance.model.Rd:12): Warning: missing </ul> before </div>
dgamma_l.html:66:1 (dgamma_l.Rd:20): Warning: missing </ul> before </div>
dlnorm_l.html:66:1 (dlnorm_l.Rd:20): Warning: missing </ul> before </div>
iseffective.html:59:1 (iseffective.Rd:17): Warning: missing </ul> before </div>
isflat.html:73:1 (isflat.Rd:27): Warning: missing </ul> before </div>
isstuck.html:71:1 (isstuck.Rd:23): Warning: missing </ul> before </div>
mcmc_list.model.html:58:1 (mcmc_list.model.Rd:16): Warning: missing </ul> before </div>
random.html:59:1 (random.Rd:16): Warning: missing </ul> before </div>
summary_mcmc_list.html:54:1 (summary_mcmc_list.Rd:14): Warning: missing </ul> before </div>
unstick_one.html:50:1 (unstick_one.Rd:12): Warning: missing </ul> before </div>
Flavors: r-devel-linux-x86_64-debian-clang, r-devel-linux-x86_64-debian-gcc