Last updated on 2025-10-22 17:49:39 CEST.
Flavor | Version | Tinstall | Tcheck | Ttotal | Status | Flags |
---|---|---|---|---|---|---|
r-devel-linux-x86_64-debian-clang | 0.5.0 | 42.17 | 168.59 | 210.76 | NOTE | |
r-devel-linux-x86_64-debian-gcc | 0.5.0 | 38.37 | 114.17 | 152.54 | NOTE | |
r-devel-linux-x86_64-fedora-clang | 0.5.0 | 226.00 | 131.61 | 357.61 | OK | |
r-devel-linux-x86_64-fedora-gcc | 0.5.0 | 128.00 | 213.89 | 341.89 | OK | |
r-devel-windows-x86_64 | 0.5.0 | 61.00 | 177.00 | 238.00 | OK | |
r-patched-linux-x86_64 | 0.5.0 | 56.05 | 159.14 | 215.19 | OK | |
r-release-linux-x86_64 | 0.5.0 | 54.24 | 161.41 | 215.65 | OK | |
r-release-macos-arm64 | 0.5.0 | 20.00 | 59.00 | 79.00 | OK | |
r-release-macos-x86_64 | 0.5.0 | 26.00 | 118.00 | 144.00 | OK | |
r-release-windows-x86_64 | 0.5.0 | 63.00 | 175.00 | 238.00 | OK | |
r-oldrel-macos-arm64 | 0.5.0 | 18.00 | 60.00 | 78.00 | NOTE | |
r-oldrel-macos-x86_64 | 0.5.0 | 29.00 | 112.00 | 141.00 | NOTE | |
r-oldrel-windows-x86_64 | 0.5.0 | 80.00 | 238.00 | 318.00 | OK |
Version: 0.5.0
Check: HTML version of manual
Result: NOTE
Found the following HTML validation problems:
scale_unit.html:50:1 (scale_unit.Rd:13): Warning: missing </ul> before </div>
Flavors: r-devel-linux-x86_64-debian-clang, r-devel-linux-x86_64-debian-gcc
Version: 0.5.0
Check: installed package size
Result: NOTE
installed size is 5.7Mb
sub-directories of 1Mb or more:
help 1.2Mb
libs 3.7Mb
Flavors: r-oldrel-macos-arm64, r-oldrel-macos-x86_64