Last updated on 2025-10-22 11:51:09 CEST.
Flavor | Version | Tinstall | Tcheck | Ttotal | Status | Flags |
---|---|---|---|---|---|---|
r-devel-linux-x86_64-debian-clang | 0.4.19 | 14.09 | 159.46 | 173.55 | NOTE | |
r-devel-linux-x86_64-debian-gcc | 0.4.19 | 8.90 | 100.23 | 109.13 | NOTE | |
r-devel-linux-x86_64-fedora-clang | 0.4.19 | 46.00 | 218.71 | 264.71 | OK | |
r-devel-linux-x86_64-fedora-gcc | 0.4.19 | 29.00 | 216.41 | 245.41 | OK | |
r-devel-windows-x86_64 | 0.4.19 | 15.00 | 169.00 | 184.00 | OK | |
r-patched-linux-x86_64 | 0.4.19 | 15.02 | 147.29 | 162.31 | OK | |
r-release-linux-x86_64 | 0.4.19 | 13.04 | 148.03 | 161.07 | OK | |
r-release-macos-arm64 | 0.4.19 | 6.00 | 54.00 | 60.00 | OK | |
r-release-macos-x86_64 | 0.4.19 | 13.00 | 109.00 | 122.00 | OK | |
r-release-windows-x86_64 | 0.4.19 | 17.00 | 170.00 | 187.00 | OK | |
r-oldrel-macos-arm64 | 0.4.19 | 5.00 | 58.00 | 63.00 | OK | |
r-oldrel-macos-x86_64 | 0.4.19 | 11.00 | 106.00 | 117.00 | OK | |
r-oldrel-windows-x86_64 | 0.4.19 | 24.00 | 226.00 | 250.00 | OK |
Version: 0.4.19
Check: HTML version of manual
Result: NOTE
Found the following HTML validation problems:
apply_grid.html:58:1 (apply_grid.Rd:16): Warning: missing </ul> before </div>
flatten.html:46:1 (flatten.Rd:10): Warning: missing </ul> before </div>
geom_confint.html:73:1 (geom_confint.Rd:27): Warning: missing </ul> before </div>
grid.draw.ggmultiplot.html:53:1 (grid.draw.ggmultiplot.Rd:13): Warning: missing </ul> before </div>
print-ggmultiplot-method.html:47:1 (print-ggmultiplot-method.Rd:10): Warning: missing </ul> before </div>
show-ggmultiplot-method.html:47:1 (show-ggmultiplot-method.Rd:10): Warning: missing </ul> before </div>
Flavors: r-devel-linux-x86_64-debian-clang, r-devel-linux-x86_64-debian-gcc