CRAN Package Check Results for Package gghalfnorm

Last updated on 2025-10-21 23:50:55 CEST.

Flavor Version Tinstall Tcheck Ttotal Status Flags
r-devel-linux-x86_64-debian-clang 1.1.2 5.09 58.38 63.47 OK
r-devel-linux-x86_64-debian-gcc 1.1.2 4.60 42.04 46.64 OK
r-devel-linux-x86_64-fedora-clang 1.1.2 13.00 82.68 95.68 OK
r-devel-linux-x86_64-fedora-gcc 1.1.2 12.00 70.33 82.33 OK
r-devel-windows-x86_64 1.1.2 8.00 65.00 73.00 OK
r-patched-linux-x86_64 1.1.2 5.46 52.36 57.82 OK
r-release-linux-x86_64 1.1.2 4.42 52.20 56.62 OK
r-release-macos-arm64 1.1.2 3.00 26.00 29.00 OK
r-release-macos-x86_64 1.1.2 5.00 61.00 66.00 OK
r-release-windows-x86_64 1.1.2 8.00 67.00 75.00 OK
r-oldrel-macos-arm64 1.1.2 3.00 22.00 25.00 NOTE
r-oldrel-macos-x86_64 1.1.2 4.00 32.00 36.00 NOTE
r-oldrel-windows-x86_64 1.1.2 9.00 81.00 90.00 NOTE

Check Details

Version: 1.1.2
Check: LazyData
Result: NOTE 'LazyData' is specified without a 'data' directory Flavors: r-oldrel-macos-arm64, r-oldrel-macos-x86_64, r-oldrel-windows-x86_64