Last updated on 2025-10-21 11:53:25 CEST.
Flavor | Version | Tinstall | Tcheck | Ttotal | Status | Flags |
---|---|---|---|---|---|---|
r-devel-linux-x86_64-debian-clang | 0.5.9 | 18.74 | 370.52 | 389.26 | NOTE | |
r-devel-linux-x86_64-debian-gcc | 0.5.9 | 11.98 | 254.85 | 266.83 | NOTE | |
r-devel-linux-x86_64-fedora-clang | 0.5.9 | 577.18 | OK | |||
r-devel-linux-x86_64-fedora-gcc | 0.5.9 | 37.00 | 519.53 | 556.53 | OK | |
r-devel-windows-x86_64 | 0.5.9 | 21.00 | 331.00 | 352.00 | OK | |
r-patched-linux-x86_64 | 0.5.9 | 19.28 | 352.31 | 371.59 | OK | |
r-release-linux-x86_64 | 0.5.9 | 18.02 | 353.02 | 371.04 | OK | |
r-release-macos-arm64 | 0.5.9 | 136.00 | OK | |||
r-release-macos-x86_64 | 0.5.9 | 14.00 | 245.00 | 259.00 | OK | |
r-release-windows-x86_64 | 0.5.9 | 23.00 | 354.00 | 377.00 | OK | |
r-oldrel-macos-arm64 | 0.5.9 | 155.00 | OK | |||
r-oldrel-macos-x86_64 | 0.5.9 | 252.00 | OK | |||
r-oldrel-windows-x86_64 | 0.5.9 | 29.00 | 455.00 | 484.00 | OK |
Version: 0.5.9
Check: HTML version of manual
Result: NOTE
Found the following HTML validation problems:
these2logical.html:58:1 (these2logical.Rd:18): Warning: missing </ul> before </div>
Flavors: r-devel-linux-x86_64-debian-clang, r-devel-linux-x86_64-debian-gcc