CRAN Package Check Results for Package ggrasp

Last updated on 2025-10-21 17:49:49 CEST.

Flavor Version Tinstall Tcheck Ttotal Status Flags
r-devel-linux-x86_64-debian-clang 1.2 18.23 123.98 142.21 NOTE
r-devel-linux-x86_64-debian-gcc 1.2 12.63 86.31 98.94 NOTE
r-devel-linux-x86_64-fedora-clang 1.2 46.00 173.18 219.18 OK
r-devel-linux-x86_64-fedora-gcc 1.2 33.00 162.56 195.56 OK
r-devel-windows-x86_64 1.2 22.00 112.00 134.00 OK
r-patched-linux-x86_64 1.2 16.42 115.85 132.27 OK
r-release-linux-x86_64 1.2 16.99 114.92 131.91 OK
r-release-macos-arm64 1.2 7.00 44.00 51.00 OK
r-release-macos-x86_64 1.2 13.00 82.00 95.00 OK
r-release-windows-x86_64 1.2 21.00 115.00 136.00 OK
r-oldrel-macos-arm64 1.2 7.00 43.00 50.00 NOTE
r-oldrel-macos-x86_64 1.2 10.00 64.00 74.00 NOTE
r-oldrel-windows-x86_64 1.2 32.00 150.00 182.00 NOTE

Check Details

Version: 1.2
Check: CRAN incoming feasibility
Result: NOTE Maintainer: ‘Thomas Clarke <tclarke@jcvi.org>’ Package CITATION file contains call(s) to old-style personList() or as.personList(). Please use c() on person objects instead. Package CITATION file contains call(s) to old-style citEntry(). Please use bibentry() instead. Flavors: r-devel-linux-x86_64-debian-clang, r-devel-linux-x86_64-debian-gcc

Version: 1.2
Check: HTML version of manual
Result: NOTE Found the following HTML validation problems: summary.ggrasp.html:51:1 (summary.ggrasp.Rd:12): Warning: missing </ul> before </div> Flavors: r-devel-linux-x86_64-debian-clang, r-devel-linux-x86_64-debian-gcc

Version: 1.2
Check: installed package size
Result: NOTE installed size is 9.4Mb sub-directories of 1Mb or more: extdata 9.1Mb Flavors: r-oldrel-macos-arm64, r-oldrel-macos-x86_64, r-oldrel-windows-x86_64