Last updated on 2025-10-21 23:50:55 CEST.
Flavor | Version | Tinstall | Tcheck | Ttotal | Status | Flags |
---|---|---|---|---|---|---|
r-devel-linux-x86_64-debian-clang | 0.4.9 | 9.61 | 94.61 | 104.22 | NOTE | |
r-devel-linux-x86_64-debian-gcc | 0.4.9 | 6.53 | 68.12 | 74.65 | NOTE | |
r-devel-linux-x86_64-fedora-clang | 0.4.9 | 25.00 | 125.29 | 150.29 | OK | |
r-devel-linux-x86_64-fedora-gcc | 0.4.9 | 38.00 | 108.29 | 146.29 | OK | |
r-devel-windows-x86_64 | 0.4.9 | 12.00 | 114.00 | 126.00 | OK | |
r-patched-linux-x86_64 | 0.4.9 | 10.95 | 86.93 | 97.88 | NOTE | |
r-release-linux-x86_64 | 0.4.9 | 8.20 | 86.98 | 95.18 | NOTE | |
r-release-macos-arm64 | 0.4.9 | 5.00 | 43.00 | 48.00 | OK | |
r-release-macos-x86_64 | 0.4.9 | 8.00 | 72.00 | 80.00 | OK | |
r-release-windows-x86_64 | 0.4.9 | 13.00 | 115.00 | 128.00 | OK | |
r-oldrel-macos-arm64 | 0.4.9 | 5.00 | 37.00 | 42.00 | OK | |
r-oldrel-macos-x86_64 | 0.4.9 | 7.00 | 61.00 | 68.00 | OK | |
r-oldrel-windows-x86_64 | 0.4.9 | 17.00 | 141.00 | 158.00 | OK |
Version: 0.4.9
Check: for unstated dependencies in ‘demo’
Result: NOTE
'library' or 'require' calls not declared from:
‘nasaweather’ ‘tourr’
'data(package=)' call not declared from: ‘ggplot2’
Flavors: r-devel-linux-x86_64-debian-clang, r-devel-linux-x86_64-debian-gcc, r-patched-linux-x86_64, r-release-linux-x86_64
Version: 0.4.9
Check: HTML version of manual
Result: NOTE
Found the following HTML validation problems:
add_guide_axis.html:46:1 (add_guide_axis.Rd:10): Warning: missing </ul> before </div>
add_guide_legend.html:46:1 (add_guide_legend.Rd:10): Warning: missing </ul> before </div>
add_scale.html:55:1 (add_scale.Rd:15): Warning: missing </ul> before </div>
axis_props.html:79:1 (axis_props.Rd:30): Warning: missing </ul> before </div>
bin_vector.html:84:1 (bin_vector.Rd:36): Warning: missing </ul> before </div>
explain.ggvis.html:51:1 (explain.ggvis.Rd:12): Warning: missing </ul> before </div>
fullseq.html:54:1 (fullseq.Rd:14): Warning: missing </ul> before </div>
ggvisOutputElements.html:56:1 (ggvisOutputElements.Rd:15): Warning: missing </ul> before </div>
ggvis_message.html:59:1 (ggvis_message.Rd:16): Warning: missing </ul> before </div>
group_by.html:50:1 (group_by.Rd:13): Warning: missing </ul> before </div>
is.axis_props.html:46:1 (is.axis_props.Rd:10): Warning: missing </ul> before </div>
is.broker.html:46:1 (is.broker.Rd:10): Warning: missing </ul> before </div>
is.ggvis.html:46:1 (is.ggvis.Rd:10): Warning: missing </ul> before </div>
is.legend_props.html:46:1 (is.legend_props.Rd:10): Warning: missing </ul> before </div>
is.scaled_value.html:46:1 (is.scaled_value.Rd:10): Warning: missing </ul> before </div>
legend_props.html:72:1 (legend_props.Rd:27): Warning: missing </ul> before </div>
prop_domain.html:50:1 (prop_domain.Rd:12): Warning: missing </ul> before </div>
save_spec.html:56:1 (save_spec.Rd:17): Warning: missing </ul> before </div>
scaled_value.html:50:1 (scaled_value.Rd:12): Warning: missing </ul> before </div>
scaletype_to_vega_scaletype.html:46:1 (scaletype_to_vega_scaletype.Rd:10): Warning: missing </ul> before </div>
set_scale_label.html:54:1 (set_scale_label.Rd:14): Warning: missing </ul> before </div>
show_tooltip.html:60:1 (show_tooltip.Rd:19): Warning: missing </ul> before </div>
vega_data_parser.html:47:1 (vega_data_parser.Rd:10): Warning: missing </ul> before </div>
Flavors: r-devel-linux-x86_64-debian-clang, r-devel-linux-x86_64-debian-gcc