Last updated on 2025-10-22 17:49:39 CEST.
Flavor | Version | Tinstall | Tcheck | Ttotal | Status | Flags |
---|---|---|---|---|---|---|
r-devel-linux-x86_64-debian-clang | 0.9.2 | 21.34 | 149.86 | 171.20 | NOTE | |
r-devel-linux-x86_64-debian-gcc | 0.9.2 | 15.19 | 107.43 | 122.62 | NOTE | |
r-devel-linux-x86_64-fedora-clang | 0.9.2 | 63.00 | 203.80 | 266.80 | OK | |
r-devel-linux-x86_64-fedora-gcc | 0.9.2 | 57.00 | 203.81 | 260.81 | OK | |
r-devel-windows-x86_64 | 0.9.2 | 24.00 | 143.00 | 167.00 | OK | |
r-patched-linux-x86_64 | 0.9.2 | 20.38 | 140.71 | 161.09 | OK | |
r-release-linux-x86_64 | 0.9.2 | 22.16 | 139.10 | 161.26 | OK | |
r-release-macos-arm64 | 0.9.2 | 9.00 | 60.00 | 69.00 | OK | |
r-release-macos-x86_64 | 0.9.2 | 16.00 | 262.00 | 278.00 | OK | |
r-release-windows-x86_64 | 0.9.2 | 23.00 | 143.00 | 166.00 | OK | |
r-oldrel-macos-arm64 | 0.9.2 | 8.00 | 71.00 | 79.00 | OK | |
r-oldrel-macos-x86_64 | 0.9.2 | 20.00 | 136.00 | 156.00 | OK | |
r-oldrel-windows-x86_64 | 0.9.2 | 31.00 | 182.00 | 213.00 | OK |
Version: 0.9.2
Check: HTML version of manual
Result: NOTE
Found the following HTML validation problems:
setupConvolve.html:65:1 (setupConvolve.Rd:24): Warning: missing </ul> before </div>
setupDataLists.html:50:1 (setupDataLists.Rd:12): Warning: missing </ul> before </div>
setupPrepPaths.html:52:1 (setupPrepPaths.Rd:16): Warning: missing </ul> before </div>
setupTransformData.html:59:1 (setupTransformData.Rd:19): Warning: missing </ul> before </div>
Flavors: r-devel-linux-x86_64-debian-clang, r-devel-linux-x86_64-debian-gcc