CRAN Package Check Results for Package gkmSVM

Last updated on 2025-10-21 23:50:55 CEST.

Flavor Version Tinstall Tcheck Ttotal Status Flags
r-devel-linux-x86_64-debian-clang 0.83.0 46.91 41.89 88.80 NOTE
r-devel-linux-x86_64-debian-gcc 0.83.0 27.89 32.15 60.04 NOTE
r-devel-linux-x86_64-fedora-clang 0.83.0 350.00 -134.52 215.48 OK
r-devel-linux-x86_64-fedora-gcc 0.83.0 84.00 49.91 133.91 OK
r-devel-windows-x86_64 0.83.0 67.00 73.00 140.00 OK
r-patched-linux-x86_64 0.83.0 43.68 40.81 84.49 OK
r-release-linux-x86_64 0.83.0 43.23 39.98 83.21 OK
r-release-macos-arm64 0.83.0 19.00 23.00 42.00 OK
r-release-macos-x86_64 0.83.0 17.00 37.00 54.00 OK
r-release-windows-x86_64 0.83.0 69.00 75.00 144.00 OK
r-oldrel-macos-arm64 0.83.0 18.00 21.00 39.00 NOTE
r-oldrel-macos-x86_64 0.83.0 16.00 34.00 50.00 NOTE
r-oldrel-windows-x86_64 0.83.0 80.00 92.00 172.00 OK

Check Details

Version: 0.83.0
Check: CRAN incoming feasibility
Result: NOTE Maintainer: ‘Mike Beer <mbeer@jhu.edu>’ No Authors@R field in DESCRIPTION. Please add one, modifying Authors@R: c(person(given = "Mahmoud", family = "Ghandi", role = "aut"), person(given = "Mike", family = "Beer", role = "cre", email = "mbeer@jhu.edu")) as necessary. Flavors: r-devel-linux-x86_64-debian-clang, r-devel-linux-x86_64-debian-gcc

Version: 0.83.0
Check: package dependencies
Result: NOTE Packages suggested but not available for checking: 'BSgenome.Hsapiens.UCSC.hg18.masked', 'BSgenome.Hsapiens.UCSC.hg19.masked' Flavors: r-oldrel-macos-arm64, r-oldrel-macos-x86_64