Last updated on 2025-10-22 11:51:09 CEST.
Flavor | Version | Tinstall | Tcheck | Ttotal | Status | Flags |
---|---|---|---|---|---|---|
r-devel-linux-x86_64-debian-clang | 4.1-10 | 94.50 | 260.90 | 355.40 | NOTE | |
r-devel-linux-x86_64-debian-gcc | 4.1-10 | 76.39 | 189.89 | 266.28 | NOTE | |
r-devel-linux-x86_64-fedora-clang | 4.1-10 | 249.00 | 308.22 | 557.22 | OK | |
r-devel-linux-x86_64-fedora-gcc | 4.1-10 | 246.00 | 335.61 | 581.61 | OK | |
r-devel-windows-x86_64 | 4.1-10 | 98.00 | 385.00 | 483.00 | OK | |
r-patched-linux-x86_64 | 4.1-10 | 110.59 | 258.23 | 368.82 | OK | |
r-release-linux-x86_64 | 4.1-10 | 101.78 | 261.38 | 363.16 | OK | |
r-release-macos-arm64 | 4.1-10 | 40.00 | 108.00 | 148.00 | OK | |
r-release-macos-x86_64 | 4.1-10 | 73.00 | 237.00 | 310.00 | OK | |
r-release-windows-x86_64 | 4.1-10 | 101.00 | 381.00 | 482.00 | OK | |
r-oldrel-macos-arm64 | 4.1-10 | 36.00 | 74.00 | 110.00 | NOTE | |
r-oldrel-macos-x86_64 | 4.1-10 | 78.00 | 223.00 | 301.00 | NOTE | |
r-oldrel-windows-x86_64 | 4.1-10 | 118.00 | 433.00 | 551.00 | OK |
Version: 4.1-10
Check: HTML version of manual
Result: NOTE
Found the following HTML validation problems:
cox_obj_function.html:71:1 (cox_obj_function.Rd:23): Warning: missing </ul> before </div>
dev_function.html:59:1 (dev_function.Rd:17): Warning: missing </ul> before </div>
get_eta.html:60:1 (get_eta.Rd:18): Warning: missing </ul> before </div>
mycoxph.html:57:1 (mycoxph.Rd:15): Warning: missing </ul> before </div>
mycoxpred.html:57:1 (mycoxpred.Rd:14): Warning: missing </ul> before </div>
obj_function.html:75:1 (obj_function.Rd:25): Warning: missing </ul> before </div>
Flavors: r-devel-linux-x86_64-debian-clang, r-devel-linux-x86_64-debian-gcc
Version: 4.1-10
Check: installed package size
Result: NOTE
installed size is 33.9Mb
sub-directories of 1Mb or more:
libs 31.9Mb
Flavors: r-oldrel-macos-arm64, r-oldrel-macos-x86_64