Last updated on 2025-10-21 23:50:56 CEST.
Flavor | Version | Tinstall | Tcheck | Ttotal | Status | Flags |
---|---|---|---|---|---|---|
r-devel-linux-x86_64-debian-clang | 1.1-3.2 | 10.39 | 86.44 | 96.83 | NOTE | |
r-devel-linux-x86_64-debian-gcc | 1.1-3.2 | 8.53 | 63.53 | 72.06 | NOTE | |
r-devel-linux-x86_64-fedora-clang | 1.1-3.2 | 33.00 | 119.25 | 152.25 | OK | |
r-devel-linux-x86_64-fedora-gcc | 1.1-3.2 | 24.00 | 115.79 | 139.79 | OK | |
r-devel-windows-x86_64 | 1.1-3.2 | 12.00 | 88.00 | 100.00 | OK | |
r-patched-linux-x86_64 | 1.1-3.2 | 11.40 | 81.23 | 92.63 | OK | |
r-release-linux-x86_64 | 1.1-3.2 | 11.14 | 81.84 | 92.98 | OK | |
r-release-macos-arm64 | 1.1-3.2 | 7.00 | 45.00 | 52.00 | OK | |
r-release-macos-x86_64 | 1.1-3.2 | 11.00 | 69.00 | 80.00 | OK | |
r-release-windows-x86_64 | 1.1-3.2 | 13.00 | 91.00 | 104.00 | OK | |
r-oldrel-macos-arm64 | 1.1-3.2 | 5.00 | 38.00 | 43.00 | OK | |
r-oldrel-macos-x86_64 | 1.1-3.2 | 8.00 | 57.00 | 65.00 | OK | |
r-oldrel-windows-x86_64 | 1.1-3.2 | 18.00 | 117.00 | 135.00 | OK |
Version: 1.1-3.2
Check: top-level files
Result: NOTE
Found the following validation problem for the NEWS.Rd HTML conversion:
NEWS.html:137:1 (inst/NEWS.Rd:58): Warning: missing </ul> before </div>
NEWS.html:46:1 (inst/NEWS.Rd:16): Warning: <h4> anchor "NEW-FEATURES" already defined
NEWS.html:76:1 (inst/NEWS.Rd:33): Warning: <h4> anchor "NEW-FEATURES" already defined
NEWS.html:91:1 (inst/NEWS.Rd:42): Warning: <h4> anchor "FIXED-BUGS" already defined
NEWS.html:111:1 (inst/NEWS.Rd:50): Warning: <h4> anchor "NEW-FEATURES" already defined
Flavors: r-devel-linux-x86_64-debian-clang, r-devel-linux-x86_64-debian-gcc
Version: 1.1-3.2
Check: HTML version of manual
Result: NOTE
Found the following HTML validation problems:
gFormula.html:81:1 (gFormula.Rd:31): Warning: missing </ul> before </div>
Flavors: r-devel-linux-x86_64-debian-clang, r-devel-linux-x86_64-debian-gcc