Last updated on 2025-10-21 11:53:25 CEST.
Flavor | Version | Tinstall | Tcheck | Ttotal | Status | Flags |
---|---|---|---|---|---|---|
r-devel-linux-x86_64-debian-clang | 0.2.2 | 6.26 | 105.69 | 111.95 | NOTE | |
r-devel-linux-x86_64-debian-gcc | 0.2.2 | 3.78 | 62.92 | 66.70 | NOTE | |
r-devel-linux-x86_64-fedora-clang | 0.2.2 | 182.53 | OK | |||
r-devel-linux-x86_64-fedora-gcc | 0.2.2 | 12.00 | 166.29 | 178.29 | OK | |
r-devel-windows-x86_64 | 0.2.2 | 7.00 | 98.00 | 105.00 | OK | |
r-patched-linux-x86_64 | 0.2.2 | 4.95 | 97.16 | 102.11 | OK | |
r-release-linux-x86_64 | 0.2.2 | 5.76 | 96.28 | 102.04 | OK | |
r-release-macos-arm64 | 0.2.2 | 54.00 | OK | |||
r-release-macos-x86_64 | 0.2.2 | 4.00 | 95.00 | 99.00 | OK | |
r-release-windows-x86_64 | 0.2.2 | 8.00 | 99.00 | 107.00 | OK | |
r-oldrel-macos-arm64 | 0.2.2 | 51.00 | OK | |||
r-oldrel-macos-x86_64 | 0.2.2 | 90.00 | OK | |||
r-oldrel-windows-x86_64 | 0.2.2 | 10.00 | 135.00 | 145.00 | OK |
Version: 0.2.2
Check: HTML version of manual
Result: NOTE
Found the following HTML validation problems:
add_equation_single.html:58:1 (add_equation_single.Rd:16): Warning: missing </ul> before </div>
add_variable_single.html:58:1 (add_variable_single.Rd:16): Warning: missing </ul> before </div>
Flavors: r-devel-linux-x86_64-debian-clang, r-devel-linux-x86_64-debian-gcc