Last updated on 2025-10-21 11:53:25 CEST.
Flavor | Version | Tinstall | Tcheck | Ttotal | Status | Flags |
---|---|---|---|---|---|---|
r-devel-linux-x86_64-debian-clang | 1.0.0 | 15.76 | 176.51 | 192.27 | NOTE | |
r-devel-linux-x86_64-debian-gcc | 1.0.0 | 11.10 | 109.63 | 120.73 | NOTE | |
r-devel-linux-x86_64-fedora-clang | 1.0.0 | 298.28 | OK | |||
r-devel-linux-x86_64-fedora-gcc | 1.0.0 | 32.00 | 254.45 | 286.45 | OK | |
r-devel-windows-x86_64 | 1.0.0 | 16.00 | 166.00 | 182.00 | OK | |
r-patched-linux-x86_64 | 1.0.0 | 17.02 | 163.22 | 180.24 | OK | |
r-release-linux-x86_64 | 1.0.0 | 13.88 | 163.46 | 177.34 | OK | |
r-release-macos-arm64 | 1.0.0 | 103.00 | OK | |||
r-release-macos-x86_64 | 1.0.0 | 13.00 | 191.00 | 204.00 | OK | |
r-release-windows-x86_64 | 1.0.0 | 19.00 | 169.00 | 188.00 | OK | |
r-oldrel-macos-arm64 | 1.0.0 | 89.00 | OK | |||
r-oldrel-macos-x86_64 | 1.0.0 | 163.00 | OK | |||
r-oldrel-windows-x86_64 | 1.0.0 | 23.00 | 231.00 | 254.00 | OK |
Version: 1.0.0
Check: HTML version of manual
Result: NOTE
Found the following HTML validation problems:
CondKolmXY.html:120:1 (CondKolmXY.Rd:93): Warning: <h5> anchor "Usage" already defined
CondKolmXY.html:126:1 (CondKolmXY.Rd:97): Warning: <h5> anchor "Arguments" already defined
CondKolmY.html:120:1 (CondKolmY.Rd:93): Warning: <h5> anchor "Usage" already defined
CondKolmY.html:126:1 (CondKolmY.Rd:97): Warning: <h5> anchor "Arguments" already defined
CondKolmY_RCM.html:120:1 (CondKolmY_RCM.Rd:95): Warning: <h5> anchor "Usage" already defined
CondKolmY_RCM.html:126:1 (CondKolmY_RCM.Rd:99): Warning: <h5> anchor "Arguments" already defined
CondKolmbXY.html:120:1 (CondKolmbXY.Rd:94): Warning: <h5> anchor "Usage" already defined
CondKolmbXY.html:126:1 (CondKolmbXY.Rd:98): Warning: <h5> anchor "Arguments" already defined
ExpGLM.html:136:1 (ExpGLM.Rd:106): Warning: <h5> anchor "Usage" already defined
ExpGLM.html:142:1 (ExpGLM.Rd:110): Warning: <h5> anchor "Arguments" already defined
ExpGLM.html:160:1 (ExpGLM.Rd:122): Warning: <h5> anchor "Returns" already defined
ExpGLM.html:177:1 (ExpGLM.Rd:131): Warning: <h5> anchor "Usage" already defined
ExpGLM.html:183:1 (ExpGLM.Rd:135): Warning: <h5> anchor "Arguments" already defined
ExpGLM.html:202:1 (ExpGLM.Rd:148): Warning: <h5> anchor "Returns" already defined
ExpGLM.html:220:1 (ExpGLM.Rd:158): Warning: <h5> anchor "Usage" already defined
ExpGLM.html:226:1 (ExpGLM.Rd:162): Warning: <h5> anchor "Arguments" already defined
ExpGLM.html:245:1 (ExpGLM.Rd:175): Warning: <h5> anchor "Returns" already defined
ExpGLM.html:264:1 (ExpGLM.Rd:186): Warning: <h5> anchor "Usage" already defined
ExpGLM.html:270:1 (ExpGLM.Rd:190): Warning: <h5> anchor "Arguments" already defined
ExpGLM.html:286:1 (ExpGLM.Rd:200): Warning: <h5> anchor "Returns" already defined
ExpGLM.html:303:1 (ExpGLM.Rd:209): Warning: <h5> anchor "Usage" already defined
ExpGLM.html:309:1 (ExpGLM.Rd:213): Warning: <h5> anchor "Arguments" already defined
GLM.html:180:1 (GLM.Rd:98): Warning: missing </ul> before </div>
GLM.html:118:1 (GLM.Rd:64): Warning: <h5> anchor "Usage" already defined
GLM.html:124:1 (GLM.Rd:68): Warning: <h5> anchor "Arguments" already defined
GLM.html:140:1 (GLM.Rd:78): Warning: <h5> anchor "Returns" already defined
GLM.html:157:1 (GLM.Rd:87): Warning: <h5> anchor "Usage" already defined
GLM.html:163:1 (GLM.Rd:91): Warning: <h5> anchor "Arguments" already defined
GOFTest.html:127:1 (GOFTest.Rd:95): Warning: <h5> anchor "Usage" already defined
GOFTest.html:133:1 (GOFTest.Rd:99): Warning: <h5> anchor "Returns" already defined
GOFTest.html:151:1 (GOFTest.Rd:109): Warning: <h5> anchor "Usage" already defined
GOFTest.html:157:1 (GOFTest.Rd:113): Warning: <h5> anchor "Returns" already defined
GOFTest.html:175:1 (GOFTest.Rd:123): Warning: <h5> anchor "Usage" already defined
GOFTest.html:181:1 (GOFTest.Rd:127): Warning: <h5> anchor "Returns" already defined
GOFTest.html:200:1 (GOFTest.Rd:138): Warning: <h5> anchor "Usage" already defined
GOFTest.html:214:1 (GOFTest.Rd:150): Warning: <h5> anchor "Arguments" already defined
GOFTest.html:241:1 (GOFTest.Rd:171): Warning: <h5> anchor "Returns" already defined
GOFTest.html:258:1 (GOFTest.Rd:180): Warning: <h5> anchor "Usage" already defined
GOFTest.html:264:1 (GOFTest.Rd:184): Warning: <h5> anchor "Arguments" already defined
GammaGLM.html:135:1 (GammaGLM.Rd:105): Warning: <h5> anchor "Usage" already defined
GammaGLM.html:141:1 (GammaGLM.Rd:109): Warning: <h5> anchor "Arguments" already defined
GammaGLM.html:159:1 (GammaGLM.Rd:121): Warning: <h5> anchor "Returns" already defined
GammaGLM.html:176:1 (GammaGLM.Rd:130): Warning: <h5> anchor "Usage" already defined
GammaGLM.html:182:1 (GammaGLM.Rd:134): Warning: <h5> anchor "Arguments" already defined
GammaGLM.html:201:1 (GammaGLM.Rd:147): Warning: <h5> anchor "Returns" already defined
GammaGLM.html:219:1 (GammaGLM.Rd:157): Warning: <h5> anchor "Usage" already defined
GammaGLM.html:225:1 (GammaGLM.Rd:161): Warning: <h5> anchor "Arguments" already defined
GammaGLM.html:244:1 (GammaGLM.Rd:174): Warning: <h5> anchor "Returns" already defined
GammaGLM.html:263:1 (GammaGLM.Rd:185): Warning: <h5> anchor "Usage" already defined
GammaGLM.html:269:1 (GammaGLM.Rd:189): Warning: <h5> anchor "Arguments" already defined
GammaGLM.html:285:1 (GammaGLM.Rd:199): Warning: <h5> anchor "Returns" already defined
GammaGLM.html:302:1 (GammaGLM.Rd:208): Warning: <h5> anchor "Usage" already defined
GammaGLM.html:308:1 (GammaGLM.Rd:212): Warning: <h5> anchor "Arguments" already defined
MEP.html:119:1 (MEP.Rd:93): Warning: <h5> anchor "Usage" already defined
MEP.html:125:1 (MEP.Rd:97): Warning: <h5> anchor "Arguments" already defined
NegBinomGLM.html:136:1 (NegBinomGLM.Rd:106): Warning: <h5> anchor "Usage" already defined
NegBinomGLM.html:142:1 (NegBinomGLM.Rd:110): Warning: <h5> anchor "Arguments" already defined
NegBinomGLM.html:160:1 (NegBinomGLM.Rd:122): Warning: <h5> anchor "Returns" already defined
NegBinomGLM.html:177:1 (NegBinomGLM.Rd:131): Warning: <h5> anchor "Usage" already defined
NegBinomGLM.html:183:1 (NegBinomGLM.Rd:135): Warning: <h5> anchor "Arguments" already defined
NegBinomGLM.html:202:1 (NegBinomGLM.Rd:148): Warning: <h5> anchor "Returns" already defined
NegBinomGLM.html:220:1 (NegBinomGLM.Rd:158): Warning: <h5> anchor "Usage" already defined
NegBinomGLM.html:226:1 (NegBinomGLM.Rd:162): Warning: <h5> anchor "Arguments" already defined
NegBinomGLM.html:245:1 (NegBinomGLM.Rd:175): Warning: <h5> anchor "Returns" already defined
NegBinomGLM.html:264:1 (NegBinomGLM.Rd:186): Warning: <h5> anchor "Usage" already defined
NegBinomGLM.html:270:1 (NegBinomGLM.Rd:190): Warning: <h5> anchor "Arguments" already defined
NegBinomGLM.html:286:1 (NegBinomGLM.Rd:200): Warning: <h5> anchor "Returns" already defined
NegBinomGLM.html:303:1 (NegBinomGLM.Rd:209): Warning: <h5> anchor "Usage" already defined
NegBinomGLM.html:309:1 (NegBinomGLM.Rd:213): Warning: <h5> anchor "Arguments" already defined
NormalGLM.html:135:1 (NormalGLM.Rd:105): Warning: <h5> anchor "Usage" already defined
NormalGLM.html:141:1 (NormalGLM.Rd:109): Warning: <h5> anchor "Arguments" already defined
NormalGLM.html:159:1 (NormalGLM.Rd:121): Warning: <h5> anchor "Returns" already defined
NormalGLM.html:176:1 (NormalGLM.Rd:130): Warning: <h5> anchor "Usage" already defined
NormalGLM.html:182:1 (NormalGLM.Rd:134): Warning: <h5> anchor "Arguments" already defined
NormalGLM.html:201:1 (NormalGLM.Rd:147): Warning: <h5> anchor "Returns" already defined
NormalGLM.html:219:1 (NormalGLM.Rd:157): Warning: <h5> anchor "Usage" already defined
NormalGLM.html:225:1 (NormalGLM.Rd:161): Warning: <h5> anchor "Arguments" already defined
NormalGLM.html:244:1 (NormalGLM.Rd:174): Warning: <h5> anchor "Returns" already defined
NormalGLM.html:263:1 (NormalGLM.Rd:185): Warning: <h5> anchor "Usage" already defined
NormalGLM.html:269:1 (NormalGLM.Rd:189): Warning: <h5> anchor "Arguments" already defined
NormalGLM.html:285:1 (NormalGLM.Rd:199): Warning: <h5> anchor "Returns" already defined
NormalGLM.html:302:1 (NormalGLM.Rd:208): Warning: <h5> anchor "Usage" already defined
NormalGLM.html:308:1 (NormalGLM.Rd:212): Warning: <h5> anchor "Arguments" already defined
ParamRegrModel.html:427:1 (ParamRegrModel.Rd:239): Warning: missing </ul> before </div>
ParamRegrModel.html:131:1 (ParamRegrModel.Rd:61): Warning: <h5> anchor "Usage" already defined
ParamRegrModel.html:137:1 (ParamRegrModel.Rd:65): Warning: <h5> anchor "Returns" already defined
ParamRegrModel.html:155:1 (ParamRegrModel.Rd:75): Warning: <h5> anchor "Usage" already defined
ParamRegrModel.html:161:1 (ParamRegrModel.Rd:79): Warning: <h5> anchor "Arguments" already defined
ParamRegrModel.html:179:1 (ParamRegrModel.Rd:91): Warning: <h5> anchor "Returns" already defined
ParamRegrModel.html:197:1 (ParamRegrModel.Rd:101): Warning: <h5> anchor "Usage" already defined
ParamRegrModel.html:203:1 (ParamRegrModel.Rd:105): Warning: <h5> anchor "Arguments" already defined
ParamRegrModel.html:221:1 (ParamRegrModel.Rd:117): Warning: <h5> anchor "Returns" already defined
ParamRegrModel.html:238:1 (ParamRegrModel.Rd:126): Warning: <h5> anchor "Usage" already defined
ParamRegrModel.html:244:1 (ParamRegrModel.Rd:130): Warning: <h5> anchor "Arguments" already defined
ParamRegrModel.html:263:1 (ParamRegrModel.Rd:143): Warning: <h5> anchor "Returns" already defined
ParamRegrModel.html:281:1 (ParamRegrModel.Rd:153): Warning: <h5> anchor "Usage" already defined
ParamRegrModel.html:287:1 (ParamRegrModel.Rd:157): Warning: <h5> anchor "Arguments" already defined
ParamRegrModel.html:306:1 (ParamRegrModel.Rd:170): Warning: <h5> anchor "Returns" already defined
ParamRegrModel.html:325:1 (ParamRegrModel.Rd:181): Warning: <h5> anchor "Usage" already defined
ParamRegrModel.html:331:1 (ParamRegrModel.Rd:185): Warning: <h5> anchor "Arguments" already defined
ParamRegrModel.html:347:1 (ParamRegrModel.Rd:195): Warning: <h5> anchor "Returns" already defined
ParamRegrModel.html:365:1 (ParamRegrModel.Rd:205): Warning: <h5> anchor "Usage" already defined
ParamRegrModel.html:371:1 (ParamRegrModel.Rd:209): Warning: <h5> anchor "Arguments" already defined
ParamRegrModel.html:387:1 (ParamRegrModel.Rd:219): Warning: <h5> anchor "Returns" already defined
ParamRegrModel.html:404:1 (ParamRegrModel.Rd:228): Warning: <h5> anchor "Usage" already defined
ParamRegrModel.html:410:1 (ParamRegrModel.Rd:232): Warning: <h5> anchor "Arguments" already defined
SICM.html:142:1 (SICM.Rd:114): Warning: <h5> anchor "Usage" already defined
SICM.html:148:1 (SICM.Rd:118): Warning: <h5> anchor "Arguments" already defined
SICM.html:163:1 (SICM.Rd:127): Warning: <h5> anchor "Returns" already defined
SICM.html:180:1 (SICM.Rd:136): Warning: <h5> anchor "Usage" already defined
SICM.html:186:1 (SICM.Rd:140): Warning: <h5> anchor "Arguments" already defined
TestStatistic.html:286:1 (TestStatistic.Rd:153): Warning: missing </ul> before </div>
TestStatistic.html:98:1 (TestStatistic.Rd:45): Warning: <h5> anchor "Usage" already defined
TestStatistic.html:119:1 (TestStatistic.Rd:58): Warning: <h5> anchor "Returns" already defined
TestStatistic.html:137:1 (TestStatistic.Rd:68): Warning: <h5> anchor "Usage" already defined
TestStatistic.html:143:1 (TestStatistic.Rd:72): Warning: <h5> anchor "Returns" already defined
TestStatistic.html:161:1 (TestStatistic.Rd:82): Warning: <h5> anchor "Usage" already defined
TestStatistic.html:167:1 (TestStatistic.Rd:86): Warning: <h5> anchor "Returns" already defined
TestStatistic.html:185:1 (TestStatistic.Rd:96): Warning: <h5> anchor "Usage" already defined
TestStatistic.html:191:1 (TestStatistic.Rd:100): Warning: <h5> anchor "Arguments" already defined
TestStatistic.html:206:1 (TestStatistic.Rd:109): Warning: <h5> anchor "Returns" already defined
TestStatistic.html:224:1 (TestStatistic.Rd:119): Warning: <h5> anchor "Usage" already defined
TestStatistic.html:230:1 (TestStatistic.Rd:123): Warning: <h5> anchor "Arguments" already defined
TestStatistic.html:245:1 (TestStatistic.Rd:132): Warning: <h5> anchor "Returns" already defined
TestStatistic.html:263:1 (TestStatistic.Rd:142): Warning: <h5> anchor "Usage" already defined
TestStatistic.html:269:1 (TestStatistic.Rd:146): Warning: <h5> anchor "Arguments" already defined
WeibullGLM.html:135:1 (WeibullGLM.Rd:105): Warning: <h5> anchor "Usage" already defined
WeibullGLM.html:141:1 (WeibullGLM.Rd:109): Warning: <h5> anchor "Arguments" already defined
WeibullGLM.html:159:1 (WeibullGLM.Rd:121): Warning: <h5> anchor "Returns" already defined
WeibullGLM.html:176:1 (WeibullGLM.Rd:130): Warning: <h5> anchor "Usage" already defined
WeibullGLM.html:182:1 (WeibullGLM.Rd:134): Warning: <h5> anchor "Arguments" already defined
WeibullGLM.html:201:1 (WeibullGLM.Rd:147): Warning: <h5> anchor "Returns" already defined
WeibullGLM.html:219:1 (WeibullGLM.Rd:157): Warning: <h5> anchor "Usage" already defined
WeibullGLM.html:225:1 (WeibullGLM.Rd:161): Warning: <h5> anchor "Arguments" already defined
WeibullGLM.html:244:1 (WeibullGLM.Rd:174): Warning: <h5> anchor "Returns" already defined
WeibullGLM.html:263:1 (WeibullGLM.Rd:185): Warning: <h5> anchor "Usage" already defined
WeibullGLM.html:269:1 (WeibullGLM.Rd:189): Warning: <h5> anchor "Arguments" already defined
WeibullGLM.html:285:1 (WeibullGLM.Rd:199): Warning: <h5> anchor "Returns" already defined
WeibullGLM.html:302:1 (WeibullGLM.Rd:208): Warning: <h5> anchor "Usage" already defined
WeibullGLM.html:308:1 (WeibullGLM.Rd:212): Warning: <h5> anchor "Arguments" already defined
Flavors: r-devel-linux-x86_64-debian-clang, r-devel-linux-x86_64-debian-gcc