CRAN Package Check Results for Package gomms

Last updated on 2025-10-21 11:53:25 CEST.

Flavor Version Tinstall Tcheck Ttotal Status Flags
r-devel-linux-x86_64-debian-clang 1.0 1.75 20.32 22.07 NOTE
r-devel-linux-x86_64-debian-gcc 1.0 1.38 16.75 18.13 NOTE
r-devel-linux-x86_64-fedora-clang 1.0 31.45 OK
r-devel-linux-x86_64-fedora-gcc 1.0 30.11 OK
r-devel-windows-x86_64 1.0 3.00 35.00 38.00 OK
r-patched-linux-x86_64 1.0 1.63 18.88 20.51 OK
r-release-linux-x86_64 1.0 1.73 19.00 20.73 OK
r-release-macos-arm64 1.0 14.00 OK
r-release-macos-x86_64 1.0 1.00 22.00 23.00 OK
r-release-windows-x86_64 1.0 2.00 38.00 40.00 OK
r-oldrel-macos-arm64 1.0 14.00 OK
r-oldrel-macos-x86_64 1.0 20.00 OK
r-oldrel-windows-x86_64 1.0 3.00 36.00 39.00 OK

Check Details

Version: 1.0
Check: CRAN incoming feasibility
Result: NOTE Maintainer: ‘Michael B. Sohn <msohn@mail.med.upenn.edu>’ No Authors@R field in DESCRIPTION. Please add one, modifying Authors@R: person(given = c("Michael", "B."), family = "Sohn", role = c("aut", "cre"), email = "msohn@mail.med.upenn.edu") as necessary. Flavors: r-devel-linux-x86_64-debian-clang, r-devel-linux-x86_64-debian-gcc

Version: 1.0
Check: HTML version of manual
Result: NOTE Found the following HTML validation problems: gomms.plot.html:64:1 (gomms.plot.Rd:17): Warning: missing </ul> before </div> Flavors: r-devel-linux-x86_64-debian-clang, r-devel-linux-x86_64-debian-gcc