Last updated on 2025-10-22 17:49:39 CEST.
Flavor | Version | Tinstall | Tcheck | Ttotal | Status | Flags |
---|---|---|---|---|---|---|
r-devel-linux-x86_64-debian-clang | 0.3.1 | 5.20 | 55.21 | 60.41 | NOTE | |
r-devel-linux-x86_64-debian-gcc | 0.3.1 | 3.76 | 41.51 | 45.27 | NOTE | |
r-devel-linux-x86_64-fedora-clang | 0.3.1.1 | 21.00 | 74.58 | 95.58 | OK | |
r-devel-linux-x86_64-fedora-gcc | 0.3.1.1 | 10.00 | 92.59 | 102.59 | OK | |
r-devel-windows-x86_64 | 0.3.1 | 8.00 | 73.00 | 81.00 | OK | |
r-patched-linux-x86_64 | 0.3.1 | 5.21 | 50.91 | 56.12 | OK | |
r-release-linux-x86_64 | 0.3.1 | 4.81 | 50.86 | 55.67 | OK | |
r-release-macos-arm64 | 0.3.1 | 2.00 | 48.00 | 50.00 | OK | |
r-release-macos-x86_64 | 0.3.1.1 | 6.00 | 96.00 | 102.00 | OK | |
r-release-windows-x86_64 | 0.3.1 | 7.00 | 73.00 | 80.00 | OK | |
r-oldrel-macos-arm64 | 0.3.1 | 2.00 | 43.00 | 45.00 | OK | |
r-oldrel-macos-x86_64 | 0.3.1.1 | 6.00 | 91.00 | 97.00 | OK | |
r-oldrel-windows-x86_64 | 0.3.1 | 9.00 | 88.00 | 97.00 | OK |
Version: 0.3.1
Check: HTML version of manual
Result: NOTE
Found the following HTML validation problems:
gl_talk_languages.html:46:1 (gl_talk_languages.Rd:10): Warning: missing </ul> before </div>
gl_talk_shiny.html:115:1 (gl_talk_shiny.Rd:50): Warning: missing </ul> before </div>
my_message.html:50:1 (my_message.Rd:12): Warning: missing </ul> before </div>
Flavors: r-devel-linux-x86_64-debian-clang, r-devel-linux-x86_64-debian-gcc