Last updated on 2025-10-21 17:49:50 CEST.
Flavor | Version | Tinstall | Tcheck | Ttotal | Status | Flags |
---|---|---|---|---|---|---|
r-devel-linux-x86_64-debian-clang | 2025.5.0 | 16.78 | 74.82 | 91.60 | NOTE | |
r-devel-linux-x86_64-debian-gcc | 2025.5.0 | 12.17 | 51.82 | 63.99 | NOTE | |
r-devel-linux-x86_64-fedora-clang | 2025.5.0 | 42.00 | 92.81 | 134.81 | OK | |
r-devel-linux-x86_64-fedora-gcc | 2025.5.0 | 34.00 | 91.40 | 125.40 | OK | |
r-devel-windows-x86_64 | 2025.5.0 | 39.00 | 90.00 | 129.00 | OK | |
r-patched-linux-x86_64 | 2025.5.0 | 16.14 | 66.66 | 82.80 | OK | |
r-release-linux-x86_64 | 2025.5.0 | 14.59 | 66.33 | 80.92 | OK | |
r-release-macos-arm64 | 2025.5.0 | 12.00 | 36.00 | 48.00 | OK | |
r-release-macos-x86_64 | 2025.5.0 | 12.00 | 59.00 | 71.00 | OK | |
r-release-windows-x86_64 | 2025.5.0 | 48.00 | 95.00 | 143.00 | OK | |
r-oldrel-macos-arm64 | 2025.5.0 | 11.00 | 34.00 | 45.00 | OK | |
r-oldrel-macos-x86_64 | 2025.5.0 | 11.00 | 65.00 | 76.00 | OK | |
r-oldrel-windows-x86_64 | 2025.5.0 | 46.00 | 117.00 | 163.00 | OK |
Version: 2025.5.0
Check: HTML version of manual
Result: NOTE
Found the following HTML validation problems:
compare_avg_tax_rates.html:63:1 (compare_avg_tax_rates.Rd:18): Warning: missing </ul> before </div>
install_taxstats.html:52:1 (install_taxstats.Rd:12): Warning: missing </ul> before </div>
revenue_foregone.html:54:1 (revenue_foregone.Rd:14): Warning: missing </ul> before </div>
sapto.html:87:1 (sapto.Rd:37): Warning: missing </ul> before </div>
Flavors: r-devel-linux-x86_64-debian-clang, r-devel-linux-x86_64-debian-gcc