Last updated on 2025-10-22 11:51:10 CEST.
Flavor | Version | Tinstall | Tcheck | Ttotal | Status | Flags |
---|---|---|---|---|---|---|
r-devel-linux-x86_64-debian-clang | 0.0.1.4 | 36.00 | 311.71 | 347.71 | NOTE | |
r-devel-linux-x86_64-debian-gcc | 0.0.1.4 | 23.20 | 200.11 | 223.31 | NOTE | |
r-devel-linux-x86_64-fedora-clang | 0.0.1.4 | 180.00 | 401.94 | 581.94 | OK | |
r-devel-linux-x86_64-fedora-gcc | 0.0.1.4 | 79.00 | 453.57 | 532.57 | OK | |
r-devel-windows-x86_64 | 0.0.1.4 | 36.00 | 242.00 | 278.00 | OK | |
r-patched-linux-x86_64 | 0.0.1.4 | 36.05 | 296.52 | 332.57 | OK | |
r-release-linux-x86_64 | 0.0.1.4 | 40.30 | 293.90 | 334.20 | OK | |
r-release-macos-arm64 | 0.0.1.4 | 17.00 | 108.00 | 125.00 | OK | |
r-release-macos-x86_64 | 0.0.1.4 | 41.00 | 202.00 | 243.00 | OK | |
r-release-windows-x86_64 | 0.0.1.4 | 38.00 | 250.00 | 288.00 | OK | |
r-oldrel-macos-arm64 | 0.0.1.4 | 16.00 | 114.00 | 130.00 | OK | |
r-oldrel-macos-x86_64 | 0.0.1.4 | 13.00 | ERROR | |||
r-oldrel-windows-x86_64 | 0.0.1.4 | 49.00 | 354.00 | 403.00 | OK |
Version: 0.0.1.4
Check: HTML version of manual
Result: NOTE
Found the following HTML validation problems:
check_duplicate_columns.html:46:1 (check_duplicate_columns.Rd:10): Warning: missing </ul> before </div>
rename_duplicate_columns.html:46:1 (rename_duplicate_columns.Rd:10): Warning: missing </ul> before </div>
Flavors: r-devel-linux-x86_64-debian-clang, r-devel-linux-x86_64-debian-gcc
Version: 0.0.1.4
Check: package dependencies
Result: ERROR
Package required but not available: ‘osmdata’
See section ‘The DESCRIPTION file’ in the ‘Writing R Extensions’
manual.
Flavor: r-oldrel-macos-x86_64