Last updated on 2025-10-24 18:49:57 CEST.
| Flavor | Version | Tinstall | Tcheck | Ttotal | Status | Flags |
|---|---|---|---|---|---|---|
| r-devel-linux-x86_64-debian-clang | 1.1.0 | 3.81 | 219.42 | 223.23 | OK | |
| r-devel-linux-x86_64-debian-gcc | 1.1.0 | 2.53 | 161.85 | 164.38 | OK | |
| r-devel-linux-x86_64-fedora-clang | 1.1.0 | 11.00 | 275.09 | 286.09 | NOTE | |
| r-devel-linux-x86_64-fedora-gcc | 1.1.0 | 347.29 | NOTE | |||
| r-devel-windows-x86_64 | 1.1.0 | 6.00 | 250.00 | 256.00 | OK | |
| r-patched-linux-x86_64 | 1.1.0 | 4.06 | 226.55 | 230.61 | OK | |
| r-release-linux-x86_64 | 1.1.0 | 4.06 | 224.50 | 228.56 | OK | |
| r-release-macos-arm64 | 1.1.0 | 2.00 | 235.00 | 237.00 | OK | |
| r-release-macos-x86_64 | 1.1.0 | 4.00 | 395.00 | 399.00 | OK | |
| r-release-windows-x86_64 | 1.1.0 | 6.00 | 255.00 | 261.00 | OK | |
| r-oldrel-macos-arm64 | 1.1.0 | 2.00 | 240.00 | 242.00 | OK | |
| r-oldrel-macos-x86_64 | 1.1.0 | 3.00 | 331.00 | 334.00 | OK | |
| r-oldrel-windows-x86_64 | 1.1.0 | 7.00 | 485.00 | 492.00 | OK |
Version: 1.1.0
Check: dependencies in R code
Result: NOTE
Namespace in Imports field not imported from: ‘msm’
All declared Imports should be used.
Flavors: r-devel-linux-x86_64-fedora-clang, r-devel-linux-x86_64-fedora-gcc