CRAN Package Check Results for Package growth

Last updated on 2025-10-22 11:51:10 CEST.

Flavor Version Tinstall Tcheck Ttotal Status Flags
r-devel-linux-x86_64-debian-clang 1.1.1 8.19 34.35 42.54 NOTE
r-devel-linux-x86_64-debian-gcc 1.1.1 5.85 24.68 30.53 NOTE
r-devel-linux-x86_64-fedora-clang 1.1.1 28.00 37.11 65.11 NOTE
r-devel-linux-x86_64-fedora-gcc 1.1.1 20.00 41.86 61.86 NOTE
r-devel-windows-x86_64 1.1.1 11.00 51.00 62.00 NOTE
r-patched-linux-x86_64 1.1.1 7.86 31.59 39.45 NOTE
r-release-linux-x86_64 1.1.1 8.09 31.17 39.26 NOTE
r-release-macos-arm64 1.1.1 5.00 16.00 21.00 NOTE
r-release-macos-x86_64 1.1.1 10.00 31.00 41.00 NOTE
r-release-windows-x86_64 1.1.1 11.00 55.00 66.00 NOTE
r-oldrel-macos-arm64 1.1.1 5.00 16.00 21.00 NOTE
r-oldrel-macos-x86_64 1.1.1 8.00 25.00 33.00 NOTE
r-oldrel-windows-x86_64 1.1.1 11.00 50.00 61.00 NOTE

Check Details

Version: 1.1.1
Check: package subdirectories
Result: NOTE Problems with news in ‘NEWS.md’: No news entries found. Flavors: r-devel-linux-x86_64-debian-clang, r-devel-linux-x86_64-debian-gcc, r-devel-linux-x86_64-fedora-clang, r-devel-linux-x86_64-fedora-gcc, r-devel-windows-x86_64, r-patched-linux-x86_64, r-release-linux-x86_64, r-release-macos-arm64, r-release-macos-x86_64, r-release-windows-x86_64, r-oldrel-macos-arm64, r-oldrel-macos-x86_64, r-oldrel-windows-x86_64

Version: 1.1.1
Check: LazyData
Result: NOTE 'LazyData' is specified without a 'data' directory Flavors: r-oldrel-macos-arm64, r-oldrel-macos-x86_64, r-oldrel-windows-x86_64