Last updated on 2025-10-22 11:51:10 CEST.
Flavor | Version | Tinstall | Tcheck | Ttotal | Status | Flags |
---|---|---|---|---|---|---|
r-devel-linux-x86_64-debian-clang | 0.8.5 | 5.18 | 81.25 | 86.43 | NOTE | |
r-devel-linux-x86_64-debian-gcc | 0.8.5 | 4.45 | 62.16 | 66.61 | NOTE | |
r-devel-linux-x86_64-fedora-clang | 0.8.5 | 18.00 | 114.91 | 132.91 | OK | |
r-devel-linux-x86_64-fedora-gcc | 0.8.5 | 13.00 | 125.00 | 138.00 | OK | |
r-devel-windows-x86_64 | 0.8.5 | 10.00 | 106.00 | 116.00 | OK | |
r-patched-linux-x86_64 | 0.8.5 | 6.93 | 76.98 | 83.91 | OK | |
r-release-linux-x86_64 | 0.8.5 | 6.09 | 77.07 | 83.16 | OK | |
r-release-macos-arm64 | 0.8.5 | 6.00 | 87.00 | 93.00 | OK | |
r-release-macos-x86_64 | 0.8.5 | 7.00 | 104.00 | 111.00 | OK | |
r-release-windows-x86_64 | 0.8.5 | 10.00 | 123.00 | 133.00 | OK | |
r-oldrel-macos-arm64 | 0.8.5 | 5.00 | 82.00 | 87.00 | OK | |
r-oldrel-macos-x86_64 | 0.8.5 | 12.00 | 97.00 | 109.00 | OK | |
r-oldrel-windows-x86_64 | 0.8.5 | 13.00 | 142.00 | 155.00 | OK |
Version: 0.8.5
Check: HTML version of manual
Result: NOTE
Found the following HTML validation problems:
generics.html:55:1 (generics.Rd:18): Warning: missing </ul> before </div>
Flavors: r-devel-linux-x86_64-debian-clang, r-devel-linux-x86_64-debian-gcc