Last updated on 2025-10-21 17:49:50 CEST.
Flavor | Version | Tinstall | Tcheck | Ttotal | Status | Flags |
---|---|---|---|---|---|---|
r-devel-linux-x86_64-debian-clang | 1.2.0 | 2.86 | 43.30 | 46.16 | NOTE | |
r-devel-linux-x86_64-debian-gcc | 1.2.0 | 2.37 | 32.09 | 34.46 | NOTE | |
r-devel-linux-x86_64-fedora-clang | 1.2.0 | 70.14 | OK | |||
r-devel-linux-x86_64-fedora-gcc | 1.2.0 | 82.97 | OK | |||
r-devel-windows-x86_64 | 1.2.0 | 4.00 | 69.00 | 73.00 | OK | |
r-patched-linux-x86_64 | 1.2.0 | 2.35 | 39.24 | 41.59 | OK | |
r-release-linux-x86_64 | 1.2.0 | 2.97 | 39.83 | 42.80 | OK | |
r-release-macos-arm64 | 1.2.0 | 1.00 | 32.00 | 33.00 | OK | |
r-release-macos-x86_64 | 1.2.0 | 3.00 | 57.00 | 60.00 | OK | |
r-release-windows-x86_64 | 1.2.0 | 6.00 | 70.00 | 76.00 | OK | |
r-oldrel-macos-arm64 | 1.2.0 | 1.00 | 55.00 | 56.00 | OK | |
r-oldrel-macos-x86_64 | 1.2.0 | 2.00 | 74.00 | 76.00 | OK | |
r-oldrel-windows-x86_64 | 1.2.0 | 6.00 | 80.00 | 86.00 | OK |
Version: 1.2.0
Check: HTML version of manual
Result: NOTE
Found the following HTML validation problems:
read_geojson.html:46:1 (read_geojson.Rd:10): Warning: missing </ul> before </div>
Flavors: r-devel-linux-x86_64-debian-clang, r-devel-linux-x86_64-debian-gcc