Last updated on 2025-10-21 17:49:50 CEST.
Flavor | Version | Tinstall | Tcheck | Ttotal | Status | Flags |
---|---|---|---|---|---|---|
r-devel-linux-x86_64-debian-clang | 0.3.0 | 15.80 | 57.54 | 73.34 | NOTE | |
r-devel-linux-x86_64-debian-gcc | 0.3.0 | 15.25 | 44.18 | 59.43 | NOTE | |
r-devel-linux-x86_64-fedora-clang | 0.3.0 | 46.00 | 65.83 | 111.83 | OK | |
r-devel-linux-x86_64-fedora-gcc | 0.3.0 | 42.00 | 77.74 | 119.74 | OK | |
r-devel-windows-x86_64 | 0.3.0 | 21.00 | 79.00 | 100.00 | OK | |
r-patched-linux-x86_64 | 0.3.0 | 18.29 | 53.50 | 71.79 | OK | |
r-release-linux-x86_64 | 0.3.0 | 17.84 | 53.41 | 71.25 | OK | |
r-release-macos-arm64 | 0.3.0 | 14.00 | 36.00 | 50.00 | OK | |
r-release-macos-x86_64 | 0.3.0 | 23.00 | 58.00 | 81.00 | OK | |
r-release-windows-x86_64 | 0.3.0 | 23.00 | 79.00 | 102.00 | OK | |
r-oldrel-macos-arm64 | 0.3.0 | 15.00 | 44.00 | 59.00 | OK | |
r-oldrel-macos-x86_64 | 0.3.0 | 19.00 | 61.00 | 80.00 | OK | |
r-oldrel-windows-x86_64 | 0.3.0 | 26.00 | 95.00 | 121.00 | OK |
Version: 0.3.0
Check: HTML version of manual
Result: NOTE
Found the following HTML validation problems:
discard_end_while.html:50:1 (discard_end_while.Rd:12): Warning: missing </ul> before </div>
discard_start_while.html:50:1 (discard_start_while.Rd:12): Warning: missing </ul> before </div>
keep_while.html:50:1 (keep_while.Rd:12): Warning: missing </ul> before </div>
read_url.html:46:1 (read_url.Rd:10): Warning: missing </ul> before </div>
Flavors: r-devel-linux-x86_64-debian-clang, r-devel-linux-x86_64-debian-gcc