Last updated on 2025-10-21 17:49:50 CEST.
Flavor | Version | Tinstall | Tcheck | Ttotal | Status | Flags |
---|---|---|---|---|---|---|
r-devel-linux-x86_64-debian-clang | 2.5.5 | 27.94 | 62.30 | 90.24 | NOTE | |
r-devel-linux-x86_64-debian-gcc | 2.5.5 | 24.52 | 43.70 | 68.22 | NOTE | |
r-devel-linux-x86_64-fedora-clang | 2.5.5 | 73.00 | 70.56 | 143.56 | OK | |
r-devel-linux-x86_64-fedora-gcc | 2.5.5 | 76.00 | 79.06 | 155.06 | OK | |
r-devel-windows-x86_64 | 2.5.5 | 62.00 | 95.00 | 157.00 | OK | |
r-patched-linux-x86_64 | 2.5.5 | 32.76 | 56.69 | 89.45 | OK | |
r-release-linux-x86_64 | 2.5.5 | 32.62 | 56.29 | 88.91 | OK | |
r-release-macos-arm64 | 2.5.5 | 15.00 | 38.00 | 53.00 | OK | |
r-release-macos-x86_64 | 2.5.5 | 18.00 | 76.00 | 94.00 | OK | |
r-release-windows-x86_64 | 2.5.5 | 75.00 | 100.00 | 175.00 | OK | |
r-oldrel-macos-arm64 | 2.5.5 | 13.00 | 44.00 | 57.00 | NOTE | |
r-oldrel-macos-x86_64 | 2.5.5 | 15.00 | 67.00 | 82.00 | NOTE | |
r-oldrel-windows-x86_64 | 2.5.5 | 75.00 | 122.00 | 197.00 | NOTE |
Version: 2.5.5
Check: HTML version of manual
Result: NOTE
Found the following HTML validation problems:
write_sas.html:57:1 (write_sas.Rd:12): Warning: missing </ul> before </div>
Flavors: r-devel-linux-x86_64-debian-clang, r-devel-linux-x86_64-debian-gcc
Version: 2.5.5
Check: for GNU extensions in Makefiles
Result: NOTE
GNU make is a SystemRequirements.
Flavors: r-oldrel-macos-arm64, r-oldrel-macos-x86_64, r-oldrel-windows-x86_64