Last updated on 2025-10-21 11:53:26 CEST.
Flavor | Version | Tinstall | Tcheck | Ttotal | Status | Flags |
---|---|---|---|---|---|---|
r-devel-linux-x86_64-debian-clang | 0.3-4 | 10.19 | 52.94 | 63.13 | NOTE | |
r-devel-linux-x86_64-debian-gcc | 0.3-4 | 7.25 | 35.38 | 42.63 | NOTE | |
r-devel-linux-x86_64-fedora-clang | 0.3-4 | 103.49 | OK | |||
r-devel-linux-x86_64-fedora-gcc | 0.3-4 | 23.00 | 69.65 | 92.65 | OK | |
r-devel-windows-x86_64 | 0.3-4 | 13.00 | 67.00 | 80.00 | OK | |
r-patched-linux-x86_64 | 0.3-4 | 9.33 | 49.46 | 58.79 | OK | |
r-release-linux-x86_64 | 0.3-4 | 9.71 | 49.35 | 59.06 | OK | |
r-release-macos-arm64 | 0.3-4 | 28.00 | OK | |||
r-release-macos-x86_64 | 0.3-4 | 10.00 | 46.00 | 56.00 | OK | |
r-release-windows-x86_64 | 0.3-4 | 13.00 | 73.00 | 86.00 | OK | |
r-oldrel-macos-arm64 | 0.3-4 | 30.00 | OK | |||
r-oldrel-macos-x86_64 | 0.3-4 | 42.00 | OK | |||
r-oldrel-windows-x86_64 | 0.3-4 | 13.00 | 68.00 | 81.00 | OK |
Version: 0.3-4
Check: CRAN incoming feasibility
Result: NOTE
Maintainer: ‘Mike Pratte <prattems@gmail.com>’
No Authors@R field in DESCRIPTION.
Please add one, modifying
Authors@R: c(person(given = c("Michael", "S."),
family = "Pratte",
role = "aut"),
person(given = "Mike",
family = "Pratte",
role = "cre",
email = "prattems@gmail.com"))
as necessary.
Flavors: r-devel-linux-x86_64-debian-clang, r-devel-linux-x86_64-debian-gcc
Version: 0.3-4
Check: HTML version of manual
Result: NOTE
Found the following HTML validation problems:
dpsdPosSample.html:76:1 (dpsdPosSample.Rd:29): Warning: missing </ul> before </div>
dpsdPosSim.html:107:1 (dpsdPosSim.Rd:29): Warning: missing </ul> before </div>
rtgamma.html:61:1 (rtgamma.Rd:15): Warning: missing </ul> before </div>
Flavors: r-devel-linux-x86_64-debian-clang, r-devel-linux-x86_64-debian-gcc