CRAN Package Check Results for Package hdmed

Last updated on 2025-10-21 17:49:50 CEST.

Flavor Version Tinstall Tcheck Ttotal Status Flags
r-devel-linux-x86_64-debian-clang 1.0.1 16.83 138.81 155.64 NOTE
r-devel-linux-x86_64-debian-gcc 1.0.1 9.84 96.22 106.06 NOTE
r-devel-linux-x86_64-fedora-clang 1.0.1 59.00 191.87 250.87 NOTE
r-devel-linux-x86_64-fedora-gcc 1.0.1 33.00 183.31 216.31 NOTE
r-devel-windows-x86_64 1.0.1 17.00 128.00 145.00 NOTE
r-patched-linux-x86_64 1.0.1 15.30 131.12 146.42 NOTE
r-release-linux-x86_64 1.0.1 14.24 131.99 146.23 NOTE
r-release-macos-arm64 1.0.1 7.00 48.00 55.00 NOTE
r-release-macos-x86_64 1.0.1 13.00 88.00 101.00 NOTE
r-release-windows-x86_64 1.0.1 21.00 130.00 151.00 NOTE
r-oldrel-macos-arm64 1.0.1 7.00 47.00 54.00 OK
r-oldrel-macos-x86_64 1.0.1 13.00 75.00 88.00 OK
r-oldrel-windows-x86_64 1.0.1 25.00 175.00 200.00 OK

Check Details

Version: 1.0.1
Check: DESCRIPTION meta-information
Result: NOTE Missing dependency on R >= 4.1.0 because package code uses the pipe |> or function shorthand \(...) syntax added in R 4.1.0. File(s) using such syntax: ‘lvma_utils.R’ Flavors: r-devel-linux-x86_64-debian-clang, r-devel-linux-x86_64-debian-gcc, r-devel-linux-x86_64-fedora-clang, r-devel-linux-x86_64-fedora-gcc, r-devel-windows-x86_64, r-patched-linux-x86_64, r-release-linux-x86_64, r-release-macos-arm64, r-release-macos-x86_64, r-release-windows-x86_64

Version: 1.0.1
Check: Rd cross-references
Result: NOTE Found the following Rd file(s) with Rd \link{} targets missing package anchors: mediate_hdmm.Rd: mediate mediate_hima.Rd: hdi Please provide package anchors for all Rd \link{} targets not in the package itself and the base packages. Flavors: r-devel-linux-x86_64-debian-clang, r-devel-linux-x86_64-debian-gcc, r-devel-windows-x86_64, r-patched-linux-x86_64, r-release-linux-x86_64, r-release-windows-x86_64

Version: 1.0.1
Check: HTML version of manual
Result: NOTE Found the following HTML validation problems: med_dat.html:59:1 (med_dat.Rd:17): Warning: missing </ul> before </div> Flavors: r-devel-linux-x86_64-debian-clang, r-devel-linux-x86_64-debian-gcc