Last updated on 2025-10-21 17:49:50 CEST.
Flavor | Version | Tinstall | Tcheck | Ttotal | Status | Flags |
---|---|---|---|---|---|---|
r-devel-linux-x86_64-debian-clang | 6.1.0 | 18.95 | 200.34 | 219.29 | NOTE | |
r-devel-linux-x86_64-debian-gcc | 6.1.0 | 13.90 | 141.15 | 155.05 | NOTE | |
r-devel-linux-x86_64-fedora-clang | 6.1.0 | 58.00 | 273.98 | 331.98 | OK | |
r-devel-linux-x86_64-fedora-gcc | 6.1.0 | 36.00 | 275.92 | 311.92 | OK | |
r-devel-windows-x86_64 | 6.1.0 | 24.00 | 196.00 | 220.00 | OK | |
r-patched-linux-x86_64 | 6.1.0 | 19.07 | 189.55 | 208.62 | OK | |
r-release-linux-x86_64 | 6.1.0 | 16.26 | 190.26 | 206.52 | OK | |
r-release-macos-arm64 | 6.1.0 | 12.00 | 87.00 | 99.00 | OK | |
r-release-macos-x86_64 | 6.1.0 | 17.00 | 154.00 | 171.00 | OK | |
r-release-windows-x86_64 | 6.1.0 | 24.00 | 197.00 | 221.00 | OK | |
r-oldrel-macos-arm64 | 6.1.0 | 11.00 | 91.00 | 102.00 | OK | |
r-oldrel-macos-x86_64 | 6.1.0 | 17.00 | 152.00 | 169.00 | OK | |
r-oldrel-windows-x86_64 | 6.1.0 | 31.00 | 296.00 | 327.00 | OK |
Version: 6.1.0
Check: HTML version of manual
Result: NOTE
Found the following HTML validation problems:
kmplot_raw.html:69:1 (kmplot_raw.Rd:25): Warning: missing </ul> before </div>
theme_hdnom.html:46:1 (theme_hdnom.Rd:10): Warning: missing </ul> before </div>
Flavors: r-devel-linux-x86_64-debian-clang, r-devel-linux-x86_64-debian-gcc