Last updated on 2025-10-22 05:51:13 CEST.
Flavor | Version | Tinstall | Tcheck | Ttotal | Status | Flags |
---|---|---|---|---|---|---|
r-devel-linux-x86_64-debian-clang | 3.4 | 5.87 | 46.16 | 52.03 | NOTE | |
r-devel-linux-x86_64-debian-gcc | 3.4 | 3.67 | 32.93 | 36.60 | NOTE | |
r-devel-linux-x86_64-fedora-clang | 3.4 | 18.00 | 57.54 | 75.54 | OK | |
r-devel-linux-x86_64-fedora-gcc | 3.4 | 12.00 | 57.55 | 69.55 | OK | |
r-devel-windows-x86_64 | 3.4 | 9.00 | 68.00 | 77.00 | NOTE | |
r-patched-linux-x86_64 | 3.4 | 6.10 | 43.02 | 49.12 | OK | |
r-release-linux-x86_64 | 3.4 | 4.76 | 43.11 | 47.87 | OK | |
r-release-macos-arm64 | 3.4 | 4.00 | 22.00 | 26.00 | OK | |
r-release-macos-x86_64 | 3.4 | 6.00 | 39.00 | 45.00 | OK | |
r-release-windows-x86_64 | 3.4 | 9.00 | 68.00 | 77.00 | NOTE | |
r-oldrel-macos-arm64 | 3.4 | 4.00 | 22.00 | 26.00 | OK | |
r-oldrel-macos-x86_64 | 3.4 | 5.00 | 32.00 | 37.00 | OK | |
r-oldrel-windows-x86_64 | 3.4 | 12.00 | 79.00 | 91.00 | NOTE |
Version: 3.4
Check: HTML version of manual
Result: NOTE
Found the following HTML validation problems:
alpha.html:50:1 (alpha.Rd:12): Warning: missing </ul> before </div>
shades.html:50:1 (shades.Rd:12): Warning: missing </ul> before </div>
Flavors: r-devel-linux-x86_64-debian-clang, r-devel-linux-x86_64-debian-gcc
Version: 3.4
Check: C++ specification
Result: NOTE
Specified C++11: please drop specification unless essential
Flavors: r-devel-windows-x86_64, r-release-windows-x86_64, r-oldrel-windows-x86_64