Last updated on 2025-10-22 23:49:58 CEST.
Flavor | Version | Tinstall | Tcheck | Ttotal | Status | Flags |
---|---|---|---|---|---|---|
r-devel-linux-x86_64-debian-clang | 0.2.2 | 10.90 | 106.13 | 117.03 | NOTE | |
r-devel-linux-x86_64-debian-gcc | 0.2.2 | 7.17 | 78.85 | 86.02 | NOTE | |
r-devel-linux-x86_64-fedora-clang | 0.2.2 | 32.00 | 141.73 | 173.73 | NOTE | |
r-devel-linux-x86_64-fedora-gcc | 0.2.2 | 21.00 | 155.30 | 176.30 | NOTE | |
r-devel-windows-x86_64 | 0.2.2 | 14.00 | 115.00 | 129.00 | NOTE | |
r-patched-linux-x86_64 | 0.2.2 | 12.36 | 103.32 | 115.68 | NOTE | |
r-release-linux-x86_64 | 0.2.2 | 11.86 | 100.28 | 112.14 | NOTE | |
r-release-macos-arm64 | 0.2.2 | 5.00 | 51.00 | 56.00 | NOTE | |
r-release-macos-x86_64 | 0.2.2 | 11.00 | 94.00 | 105.00 | NOTE | |
r-release-windows-x86_64 | 0.2.2 | 13.00 | 115.00 | 128.00 | NOTE | |
r-oldrel-macos-arm64 | 0.2.2 | 6.00 | 57.00 | 63.00 | NOTE | |
r-oldrel-macos-x86_64 | 0.2.2 | 16.00 | 142.00 | 158.00 | NOTE | |
r-oldrel-windows-x86_64 | 0.2.2 | 18.00 | 154.00 | 172.00 | NOTE |
Version: 0.2.2
Check: CRAN incoming feasibility
Result: NOTE
Maintainer: ‘Steven Sanderson <spsanderson@gmail.com>’
Found the following (possibly) invalid URLs:
URL: https://lifecycle.r-lib.org/articles/stages.html##experimental
From: README.md
Message: Invalid URL: '#' not allowed in fragment
Flavors: r-devel-linux-x86_64-debian-clang, r-devel-linux-x86_64-debian-gcc
Version: 0.2.2
Check: DESCRIPTION meta-information
Result: NOTE
Missing dependency on R >= 4.1.0 because package code uses the pipe
|> or function shorthand \(...) syntax added in R 4.1.0.
File(s) using such syntax:
‘plt-gartner-magic-chart.R’ ‘utils-save-to-excel.R’
Flavors: r-devel-linux-x86_64-debian-clang, r-devel-linux-x86_64-debian-gcc, r-devel-linux-x86_64-fedora-clang, r-devel-linux-x86_64-fedora-gcc, r-devel-windows-x86_64, r-patched-linux-x86_64, r-release-linux-x86_64, r-release-macos-arm64, r-release-macos-x86_64, r-release-windows-x86_64
Version: 0.2.2
Check: installed package size
Result: NOTE
installed size is 5.5Mb
sub-directories of 1Mb or more:
data 1.5Mb
doc 3.7Mb
Flavors: r-oldrel-macos-arm64, r-oldrel-macos-x86_64, r-oldrel-windows-x86_64