CRAN Package Check Results for Package hett

Last updated on 2025-10-24 05:50:41 CEST.

Flavor Version Tinstall Tcheck Ttotal Status Flags
r-devel-linux-x86_64-debian-clang 0.3-3 2.34 26.72 29.06 NOTE
r-devel-linux-x86_64-debian-gcc 0.3-3 1.84 22.40 24.24 NOTE
r-devel-linux-x86_64-fedora-clang 0.3-3 41.39 OK
r-devel-linux-x86_64-fedora-gcc 0.3-3 39.31 OK
r-devel-windows-x86_64 0.3-3 3.00 45.00 48.00 OK
r-patched-linux-x86_64 0.3-3 2.35 25.23 27.58 OK
r-release-linux-x86_64 0.3-3 2.21 25.45 27.66 OK
r-release-macos-arm64 0.3-3 1.00 18.00 19.00 OK
r-release-macos-x86_64 0.3-3 2.00 27.00 29.00 OK
r-release-windows-x86_64 0.3-3 3.00 48.00 51.00 OK
r-oldrel-macos-arm64 0.3-3 1.00 25.00 26.00 OK
r-oldrel-macos-x86_64 0.3-3 2.00 31.00 33.00 OK
r-oldrel-windows-x86_64 0.3-3 4.00 52.00 56.00 OK

Check Details

Version: 0.3-3
Check: CRAN incoming feasibility
Result: NOTE Maintainer: ‘Julian Taylor <julian.taylor@adelaide.edu.au>’ No Authors@R field in DESCRIPTION. Please add one, modifying Authors@R: person(given = "Julian", family = "Taylor", role = c("aut", "cre"), email = "julian.taylor@adelaide.edu.au") as necessary. Flavors: r-devel-linux-x86_64-debian-clang, r-devel-linux-x86_64-debian-gcc