CRAN Package Check Results for Package hettest

Last updated on 2025-10-21 23:50:56 CEST.

Flavor Version Tinstall Tcheck Ttotal Status Flags
r-devel-linux-x86_64-debian-clang 1.0 1.76 20.98 22.74 NOTE
r-devel-linux-x86_64-debian-gcc 1.0 1.43 16.81 18.24 NOTE
r-devel-linux-x86_64-fedora-clang 1.0 33.63 OK
r-devel-linux-x86_64-fedora-gcc 1.0 31.03 OK
r-devel-windows-x86_64 1.0 2.00 39.00 41.00 OK
r-patched-linux-x86_64 1.0 1.98 19.86 21.84 OK
r-release-linux-x86_64 1.0 1.53 19.57 21.10 OK
r-release-macos-arm64 1.0 1.00 13.00 14.00 OK
r-release-macos-x86_64 1.0 2.00 22.00 24.00 OK
r-release-windows-x86_64 1.0 3.00 45.00 48.00 OK
r-oldrel-macos-arm64 1.0 1.00 14.00 15.00 OK
r-oldrel-macos-x86_64 1.0 2.00 18.00 20.00 OK
r-oldrel-windows-x86_64 1.0 3.00 40.00 43.00 OK

Check Details

Version: 1.0
Check: CRAN incoming feasibility
Result: NOTE Maintainer: ‘Layla Parast <parast@austin.utexas.edu>’ The Description field contains are described in Parast et al (2022) <arXiv:2209.08315>. Please refer to arXiv e-prints via their arXiv DOI <doi:10.48550/arXiv.YYMM.NNNNN>. Flavors: r-devel-linux-x86_64-debian-clang, r-devel-linux-x86_64-debian-gcc