Last updated on 2025-10-25 06:49:43 CEST.
| Flavor | Version | Tinstall | Tcheck | Ttotal | Status | Flags |
|---|---|---|---|---|---|---|
| r-devel-linux-x86_64-debian-clang | 3.1.0 | 157.35 | 79.30 | 236.65 | OK | |
| r-devel-linux-x86_64-debian-gcc | 3.1.0 | 110.21 | 61.77 | 171.98 | OK | |
| r-devel-linux-x86_64-fedora-clang | 3.1.0 | 245.00 | 186.92 | 431.92 | OK | |
| r-devel-linux-x86_64-fedora-gcc | 3.1.0 | 209.00 | 187.10 | 396.10 | OK | |
| r-devel-windows-x86_64 | 3.1.0 | 182.00 | 114.00 | 296.00 | OK | |
| r-patched-linux-x86_64 | 3.1.0 | 164.53 | 74.80 | 239.33 | OK | |
| r-release-linux-x86_64 | 3.1.0 | 162.67 | 75.19 | 237.86 | OK | |
| r-release-macos-arm64 | 3.1.0 | 55.00 | 35.00 | 90.00 | OK | |
| r-release-macos-x86_64 | 3.1.0 | 66.00 | 110.00 | 176.00 | OK | |
| r-release-windows-x86_64 | 3.1.0 | 186.00 | 118.00 | 304.00 | OK | |
| r-oldrel-macos-arm64 | 3.1.0 | 54.00 | 39.00 | 93.00 | NOTE | |
| r-oldrel-macos-x86_64 | 3.1.0 | 55.00 | 93.00 | 148.00 | NOTE | |
| r-oldrel-windows-x86_64 | 3.1.0 | 214.00 | 142.00 | 356.00 | OK |
Version: 3.1.0
Check: installed package size
Result: NOTE
installed size is 12.2Mb
sub-directories of 1Mb or more:
libs 11.8Mb
Flavors: r-oldrel-macos-arm64, r-oldrel-macos-x86_64