Last updated on 2025-10-21 23:50:56 CEST.
Flavor | Version | Tinstall | Tcheck | Ttotal | Status | Flags |
---|---|---|---|---|---|---|
r-devel-linux-x86_64-debian-clang | 0.5.1 | 50.11 | 25.72 | 75.83 | NOTE | |
r-devel-linux-x86_64-debian-gcc | 0.5.1 | 41.50 | 20.31 | 61.81 | NOTE | |
r-devel-linux-x86_64-fedora-clang | 0.5.1 | 182.00 | -1.21 | 180.79 | NOTE | |
r-devel-linux-x86_64-fedora-gcc | 0.5.1 | 120.00 | 22.01 | 142.01 | NOTE | |
r-devel-windows-x86_64 | 0.5.1 | 69.00 | 67.00 | 136.00 | NOTE | |
r-patched-linux-x86_64 | 0.5.1 | 53.16 | 24.47 | 77.63 | NOTE | |
r-release-linux-x86_64 | 0.5.1 | 52.36 | 24.09 | 76.45 | NOTE | |
r-release-macos-arm64 | 0.5.1 | 26.00 | 18.00 | 44.00 | NOTE | |
r-release-macos-x86_64 | 0.5.1 | 22.00 | 29.00 | 51.00 | NOTE | |
r-release-windows-x86_64 | 0.5.1 | 72.00 | 75.00 | 147.00 | NOTE | |
r-oldrel-macos-arm64 | 0.5.1 | 29.00 | 21.00 | 50.00 | NOTE | |
r-oldrel-macos-x86_64 | 0.5.1 | 18.00 | 24.00 | 42.00 | NOTE | |
r-oldrel-windows-x86_64 | 0.5.1 | 71.00 | 71.00 | 142.00 | NOTE |
Version: 0.5.1
Check: C++ specification
Result: NOTE
Specified C++11: please drop specification unless essential
Flavors: r-devel-linux-x86_64-debian-clang, r-devel-linux-x86_64-debian-gcc, r-devel-linux-x86_64-fedora-clang, r-devel-linux-x86_64-fedora-gcc, r-devel-windows-x86_64, r-patched-linux-x86_64, r-release-linux-x86_64, r-release-macos-arm64, r-release-macos-x86_64, r-release-windows-x86_64, r-oldrel-macos-arm64, r-oldrel-macos-x86_64, r-oldrel-windows-x86_64
Version: 0.5.1
Check: installed package size
Result: NOTE
installed size is 8.7Mb
sub-directories of 1Mb or more:
highlight 1.0Mb
libs 7.5Mb
Flavors: r-oldrel-macos-arm64, r-oldrel-macos-x86_64