Last updated on 2025-10-22 11:51:11 CEST.
Flavor | Version | Tinstall | Tcheck | Ttotal | Status | Flags |
---|---|---|---|---|---|---|
r-devel-linux-x86_64-debian-clang | 1.1.4 | 3.16 | 35.05 | 38.21 | NOTE | |
r-devel-linux-x86_64-debian-gcc | 1.1.4 | 2.56 | 26.95 | 29.51 | NOTE | |
r-devel-linux-x86_64-fedora-clang | 1.1.4 | 32.75 | OK | |||
r-devel-linux-x86_64-fedora-gcc | 1.1.4 | 51.63 | OK | |||
r-devel-windows-x86_64 | 1.1.4 | 6.00 | 51.00 | 57.00 | OK | |
r-patched-linux-x86_64 | 1.1.3 | 3.08 | 31.05 | 34.13 | NOTE | |
r-release-linux-x86_64 | 1.1.4 | 3.02 | 32.34 | 35.36 | OK | |
r-release-macos-arm64 | 1.1.4 | 2.00 | 18.00 | 20.00 | OK | |
r-release-macos-x86_64 | 1.1.4 | 4.00 | 33.00 | 37.00 | OK | |
r-release-windows-x86_64 | 1.1.4 | 13.00 | 51.00 | 64.00 | OK | |
r-oldrel-macos-arm64 | 1.1.4 | 2.00 | 24.00 | 26.00 | OK | |
r-oldrel-macos-x86_64 | 1.1.4 | 3.00 | 48.00 | 51.00 | OK | |
r-oldrel-windows-x86_64 | 1.1.4 | 7.00 | 65.00 | 72.00 | OK |
Version: 1.1.4
Check: HTML version of manual
Result: NOTE
Found the following HTML validation problems:
Deprecated.html:72:1 (Deprecated.Rd:31): Warning: missing </ul> before </div>
vec_cast.hms.html:57:1 (vec_cast.hms.Rd:16): Warning: missing </ul> before </div>
vec_ptype2.hms.html:57:1 (vec_ptype2.hms.Rd:16): Warning: missing </ul> before </div>
Flavors: r-devel-linux-x86_64-debian-clang, r-devel-linux-x86_64-debian-gcc
Version: 1.1.3
Check: Rd cross-references
Result: NOTE
Found the following Rd file(s) with Rd \link{} targets missing package
anchors:
hms.Rd: vec_cast
Please provide package anchors for all Rd \link{} targets not in the
package itself and the base packages.
Flavor: r-patched-linux-x86_64