Last updated on 2025-10-24 18:49:57 CEST.
| Flavor | Version | Tinstall | Tcheck | Ttotal | Status | Flags |
|---|---|---|---|---|---|---|
| r-devel-linux-x86_64-debian-clang | 0.1.1 | 2.73 | 49.96 | 52.69 | NOTE | |
| r-devel-linux-x86_64-debian-gcc | 0.1.1 | 1.87 | 34.50 | 36.37 | NOTE | |
| r-devel-linux-x86_64-fedora-clang | 0.1.1 | 83.68 | NOTE | |||
| r-devel-linux-x86_64-fedora-gcc | 0.1.1 | 74.74 | NOTE | |||
| r-devel-windows-x86_64 | 0.1.1 | 6.00 | 66.00 | 72.00 | NOTE | |
| r-patched-linux-x86_64 | 0.1.1 | 2.80 | 47.14 | 49.94 | NOTE | |
| r-release-linux-x86_64 | 0.1.1 | 2.60 | 46.94 | 49.54 | NOTE | |
| r-release-macos-arm64 | 0.1.1 | 2.00 | 24.00 | 26.00 | NOTE | |
| r-release-macos-x86_64 | 0.1.1 | 2.00 | 43.00 | 45.00 | NOTE | |
| r-release-windows-x86_64 | 0.1.1 | 7.00 | 69.00 | 76.00 | NOTE | |
| r-oldrel-macos-arm64 | 0.1.1 | 1.00 | 26.00 | 27.00 | OK | |
| r-oldrel-macos-x86_64 | 0.1.1 | 2.00 | 49.00 | 51.00 | OK | |
| r-oldrel-windows-x86_64 | 0.1.1 | 6.00 | 83.00 | 89.00 | OK |
Version: 0.1.1
Check: DESCRIPTION meta-information
Result: NOTE
Missing dependency on R >= 4.1.0 because package code uses the pipe
|> or function shorthand \(...) syntax added in R 4.1.0.
File(s) using such syntax:
‘rstar_glm.Rd’ ‘run_sim_rstar_glm.Rd’ ‘sim_rstar_glm.Rd’
Flavors: r-devel-linux-x86_64-debian-clang, r-devel-linux-x86_64-debian-gcc, r-devel-linux-x86_64-fedora-clang, r-devel-linux-x86_64-fedora-gcc, r-devel-windows-x86_64, r-patched-linux-x86_64, r-release-linux-x86_64, r-release-macos-arm64, r-release-macos-x86_64, r-release-windows-x86_64