Last updated on 2025-10-21 23:50:57 CEST.
Flavor | Version | Tinstall | Tcheck | Ttotal | Status | Flags |
---|---|---|---|---|---|---|
r-devel-linux-x86_64-debian-clang | 0.3 | 4.05 | 77.62 | 81.67 | NOTE | |
r-devel-linux-x86_64-debian-gcc | 0.3 | 2.81 | 60.27 | 63.08 | NOTE | |
r-devel-linux-x86_64-fedora-clang | 0.3 | 11.00 | 116.13 | 127.13 | OK | |
r-devel-linux-x86_64-fedora-gcc | 0.3 | 131.65 | OK | |||
r-devel-windows-x86_64 | 0.3 | 5.00 | 76.00 | 81.00 | OK | |
r-patched-linux-x86_64 | 0.3 | 3.99 | 74.29 | 78.28 | OK | |
r-release-linux-x86_64 | 0.3 | 3.98 | 74.86 | 78.84 | OK | |
r-release-macos-arm64 | 0.3 | 2.00 | 87.00 | 89.00 | OK | |
r-release-macos-x86_64 | 0.3 | 3.00 | 120.00 | 123.00 | OK | |
r-release-windows-x86_64 | 0.3 | 4.00 | 79.00 | 83.00 | OK | |
r-oldrel-macos-arm64 | 0.3 | 2.00 | 83.00 | 85.00 | OK | |
r-oldrel-macos-x86_64 | 0.3 | 4.00 | 132.00 | 136.00 | OK | |
r-oldrel-windows-x86_64 | 0.3 | 6.00 | 96.00 | 102.00 | OK |
Version: 0.3
Check: HTML version of manual
Result: NOTE
Found the following HTML validation problems:
PaillierKeyPair.html:57:1 (PaillierKeyPair.Rd:38): Warning: <h3> anchor "Methods" already defined
PaillierKeyPair.html:123:1 (PaillierKeyPair.Rd:71): Warning: <h5> anchor "Usage" already defined
PaillierKeyPair.html:129:1 (PaillierKeyPair.Rd:75): Warning: <h5> anchor "Returns" already defined
PaillierKeyPair.html:146:1 (PaillierKeyPair.Rd:84): Warning: <h5> anchor "Usage" already defined
PaillierKeyPair.html:152:1 (PaillierKeyPair.Rd:88): Warning: <h5> anchor "Arguments" already defined
PaillierPrivateKey.html:111:1 (PaillierPrivateKey.Rd:58): Warning: <h5> anchor "Usage" already defined
PaillierPrivateKey.html:134:1 (PaillierPrivateKey.Rd:71): Warning: <h5> anchor "Usage" already defined
PaillierPrivateKey.html:140:1 (PaillierPrivateKey.Rd:75): Warning: <h5> anchor "Arguments" already defined
PaillierPrivateKey.html:153:1 (PaillierPrivateKey.Rd:82): Warning: <h5> anchor "Returns" already defined
PaillierPrivateKey.html:170:1 (PaillierPrivateKey.Rd:91): Warning: <h5> anchor "Usage" already defined
PaillierPrivateKey.html:176:1 (PaillierPrivateKey.Rd:95): Warning: <h5> anchor "Arguments" already defined
PaillierPublicKey.html:136:1 (PaillierPublicKey.Rd:71): Warning: <h5> anchor "Usage" already defined
PaillierPublicKey.html:142:1 (PaillierPublicKey.Rd:75): Warning: <h5> anchor "Arguments" already defined
PaillierPublicKey.html:155:1 (PaillierPublicKey.Rd:82): Warning: <h5> anchor "Returns" already defined
PaillierPublicKey.html:172:1 (PaillierPublicKey.Rd:91): Warning: <h5> anchor "Usage" already defined
PaillierPublicKey.html:178:1 (PaillierPublicKey.Rd:95): Warning: <h5> anchor "Arguments" already defined
PaillierPublicKey.html:193:1 (PaillierPublicKey.Rd:104): Warning: <h5> anchor "Returns" already defined
PaillierPublicKey.html:210:1 (PaillierPublicKey.Rd:113): Warning: <h5> anchor "Usage" already defined
PaillierPublicKey.html:216:1 (PaillierPublicKey.Rd:117): Warning: <h5> anchor "Arguments" already defined
PaillierPublicKey.html:231:1 (PaillierPublicKey.Rd:126): Warning: <h5> anchor "Returns" already defined
PaillierPublicKey.html:255:1 (PaillierPublicKey.Rd:142): Warning: <h5> anchor "Usage" already defined
PaillierPublicKey.html:261:1 (PaillierPublicKey.Rd:146): Warning: <h5> anchor "Arguments" already defined
PaillierPublicKey.html:295:1 (PaillierPublicKey.Rd:170): Warning: <h5> anchor "Usage" already defined
PaillierPublicKey.html:301:1 (PaillierPublicKey.Rd:174): Warning: <h5> anchor "Arguments" already defined
PaillierPublicKey.html:329:1 (PaillierPublicKey.Rd:192): Warning: <h5> anchor "Usage" already defined
PaillierPublicKey.html:335:1 (PaillierPublicKey.Rd:196): Warning: <h5> anchor "Arguments" already defined
PaillierPublicKey.html:350:1 (PaillierPublicKey.Rd:205): Warning: <h5> anchor "Returns" already defined
PaillierPublicKey.html:367:1 (PaillierPublicKey.Rd:214): Warning: <h5> anchor "Usage" already defined
PaillierPublicKey.html:373:1 (PaillierPublicKey.Rd:218): Warning: <h5> anchor "Arguments" already defined
random.bigz.html:48:1 (random.bigz.Rd:11): Warning: missing </ul> before </div>
Flavors: r-devel-linux-x86_64-debian-clang, r-devel-linux-x86_64-debian-gcc