CRAN Package Check Results for Package hset

Last updated on 2025-10-22 11:51:11 CEST.

Flavor Version Tinstall Tcheck Ttotal Status Flags
r-devel-linux-x86_64-debian-clang 0.1.1 3.13 24.34 27.47 NOTE
r-devel-linux-x86_64-debian-gcc 0.1.1 2.24 19.34 21.58 NOTE
r-devel-linux-x86_64-fedora-clang 0.1.1 40.84 OK
r-devel-linux-x86_64-fedora-gcc 0.1.1 36.95 OK
r-devel-windows-x86_64 0.1.1 4.00 42.00 46.00 OK
r-patched-linux-x86_64 0.1.1 3.58 22.86 26.44 OK
r-release-linux-x86_64 0.1.1 2.62 22.93 25.55 OK
r-release-macos-arm64 0.1.1 2.00 18.00 20.00 OK
r-release-macos-x86_64 0.1.1 2.00 24.00 26.00 OK
r-release-windows-x86_64 0.1.1 4.00 45.00 49.00 OK
r-oldrel-macos-arm64 0.1.1 2.00 13.00 15.00 OK
r-oldrel-macos-x86_64 0.1.1 5.00 26.00 31.00 OK
r-oldrel-windows-x86_64 0.1.1 4.00 46.00 50.00 OK

Check Details

Version: 0.1.1
Check: CRAN incoming feasibility
Result: NOTE Maintainer: ‘Giacomo Ceoldo <giacomo.ceoldo@usi.ch>’ The Description field contains <arXiv:2304.09809>. Please refer to arXiv e-prints via their arXiv DOI <doi:10.48550/arXiv.YYMM.NNNNN>. Flavors: r-devel-linux-x86_64-debian-clang, r-devel-linux-x86_64-debian-gcc