Last updated on 2025-10-22 11:51:11 CEST.
Flavor | Version | Tinstall | Tcheck | Ttotal | Status | Flags |
---|---|---|---|---|---|---|
r-devel-linux-x86_64-debian-clang | 0.2.0 | 30.27 | 421.74 | 452.01 | NOTE | |
r-devel-linux-x86_64-debian-gcc | 0.2.0 | 17.68 | 273.97 | 291.65 | NOTE | |
r-devel-linux-x86_64-fedora-clang | 0.2.0 | 89.00 | 643.75 | 732.75 | OK | |
r-devel-linux-x86_64-fedora-gcc | 0.2.0 | 53.00 | 605.58 | 658.58 | OK | |
r-devel-windows-x86_64 | 0.2.0 | 33.00 | 510.00 | 543.00 | OK | |
r-patched-linux-x86_64 | 0.2.0 | 30.38 | 401.97 | 432.35 | OK | |
r-release-linux-x86_64 | 0.2.0 | 25.75 | 404.99 | 430.74 | OK | |
r-release-macos-arm64 | 0.2.0 | 12.00 | 128.00 | 140.00 | OK | |
r-release-macos-x86_64 | 0.2.0 | 23.00 | 220.00 | 243.00 | OK | |
r-release-windows-x86_64 | 0.2.0 | 34.00 | 498.00 | 532.00 | OK | |
r-oldrel-macos-arm64 | 0.2.0 | 12.00 | 144.00 | 156.00 | OK | |
r-oldrel-macos-x86_64 | 0.2.0 | 23.00 | 256.00 | 279.00 | OK | |
r-oldrel-windows-x86_64 | 0.2.0 | 43.00 | 615.00 | 658.00 | OK |
Version: 0.2.0
Check: HTML version of manual
Result: NOTE
Found the following HTML validation problems:
baseline_intensities_from_coxmod.html:54:1 (baseline_intensities_from_coxmod.Rd:15): Warning: missing </ul> before </div>
existenceNPMLE.html:75:1 (existenceNPMLE.Rd:25): Warning: missing </ul> before </div>
expand_covariates_long_data.html:70:1 (expand_covariates_long_data.Rd:25): Warning: missing </ul> before </div>
prod_lambda_G_base.html:61:1 (prod_lambda_G_base.Rd:17): Warning: missing </ul> before </div>
trans_specific_risks.html:81:1 (trans_specific_risks.Rd:30): Warning: missing </ul> before </div>
Flavors: r-devel-linux-x86_64-debian-clang, r-devel-linux-x86_64-debian-gcc