Last updated on 2025-10-21 17:49:50 CEST.
Flavor | Version | Tinstall | Tcheck | Ttotal | Status | Flags |
---|---|---|---|---|---|---|
r-devel-linux-x86_64-debian-clang | 0.0.5 | 11.35 | 81.67 | 93.02 | NOTE | |
r-devel-linux-x86_64-debian-gcc | 0.0.5 | 8.64 | 56.77 | 65.41 | NOTE | |
r-devel-linux-x86_64-fedora-clang | 0.0.5 | 39.00 | 109.63 | 148.63 | OK | |
r-devel-linux-x86_64-fedora-gcc | 0.0.5 | 28.00 | 117.16 | 145.16 | OK | |
r-devel-windows-x86_64 | 0.0.5 | 14.00 | 103.00 | 117.00 | OK | |
r-patched-linux-x86_64 | 0.0.5 | 14.54 | 76.26 | 90.80 | OK | |
r-release-linux-x86_64 | 0.0.5 | 10.56 | 75.73 | 86.29 | OK | |
r-release-macos-arm64 | 0.0.5 | 5.00 | 47.00 | 52.00 | OK | |
r-release-macos-x86_64 | 0.0.5 | 9.00 | 87.00 | 96.00 | OK | |
r-release-windows-x86_64 | 0.0.5 | 16.00 | 105.00 | 121.00 | OK | |
r-oldrel-macos-arm64 | 0.0.5 | 6.00 | 53.00 | 59.00 | OK | |
r-oldrel-macos-x86_64 | 0.0.5 | 10.00 | 80.00 | 90.00 | OK | |
r-oldrel-windows-x86_64 | 0.0.5 | 20.00 | 126.00 | 146.00 | OK |
Version: 0.0.5
Check: HTML version of manual
Result: NOTE
Found the following HTML validation problems:
LazyFST.html:110:1 (LazyFST.Rd:83): Warning: <h5> anchor "Usage" already defined
LazyFST.html:116:1 (LazyFST.Rd:87): Warning: <h5> anchor "Arguments" already defined
LazyFST.html:141:1 (LazyFST.Rd:102): Warning: <h5> anchor "Usage" already defined
LazyFST.html:147:1 (LazyFST.Rd:106): Warning: <h5> anchor "Arguments" already defined
LazyFST.html:170:1 (LazyFST.Rd:119): Warning: <h5> anchor "Usage" already defined
LazyFST.html:176:1 (LazyFST.Rd:123): Warning: <h5> anchor "Arguments" already defined
LazyFST.html:205:1 (LazyFST.Rd:142): Warning: <h5> anchor "Usage" already defined
LazyFST.html:211:1 (LazyFST.Rd:146): Warning: <h5> anchor "Arguments" already defined
LazyFST.html:234:1 (LazyFST.Rd:159): Warning: <h5> anchor "Usage" already defined
LazyFST.html:240:1 (LazyFST.Rd:163): Warning: <h5> anchor "Arguments" already defined
LazyH5.html:412:1 (LazyH5.Rd:240): Warning: missing </ul> before </div>
LazyH5.html:112:1 (LazyH5.Rd:50): Warning: <h5> anchor "Usage" already defined
LazyH5.html:118:1 (LazyH5.Rd:54): Warning: <h5> anchor "Returns" already defined
LazyH5.html:135:1 (LazyH5.Rd:63): Warning: <h5> anchor "Usage" already defined
LazyH5.html:162:1 (LazyH5.Rd:82): Warning: <h5> anchor "Returns" already defined
LazyH5.html:179:1 (LazyH5.Rd:91): Warning: <h5> anchor "Usage" already defined
LazyH5.html:195:1 (LazyH5.Rd:105): Warning: <h5> anchor "Arguments" already defined
LazyH5.html:237:1 (LazyH5.Rd:137): Warning: <h5> anchor "Usage" already defined
LazyH5.html:243:1 (LazyH5.Rd:141): Warning: <h5> anchor "Arguments" already defined
LazyH5.html:271:1 (LazyH5.Rd:159): Warning: <h5> anchor "Usage" already defined
LazyH5.html:277:1 (LazyH5.Rd:163): Warning: <h5> anchor "Arguments" already defined
LazyH5.html:302:1 (LazyH5.Rd:178): Warning: <h5> anchor "Usage" already defined
LazyH5.html:308:1 (LazyH5.Rd:182): Warning: <h5> anchor "Arguments" already defined
LazyH5.html:328:1 (LazyH5.Rd:196): Warning: <h5> anchor "Returns" already defined
LazyH5.html:345:1 (LazyH5.Rd:205): Warning: <h5> anchor "Usage" already defined
LazyH5.html:351:1 (LazyH5.Rd:209): Warning: <h5> anchor "Arguments" already defined
LazyH5.html:364:1 (LazyH5.Rd:216): Warning: <h5> anchor "Returns" already defined
LazyH5.html:381:1 (LazyH5.Rd:225): Warning: <h5> anchor "Usage" already defined
LazyH5.html:387:1 (LazyH5.Rd:229): Warning: <h5> anchor "Arguments" already defined
LazyH5.html:400:1 (LazyH5.Rd:236): Warning: <h5> anchor "Returns" already defined
NWBHDF5IO.html:119:1 (NWBHDF5IO.Rd:108): Warning: <h5> anchor "Usage" already defined
NWBHDF5IO.html:143:1 (NWBHDF5IO.Rd:122): Warning: <h5> anchor "Usage" already defined
NWBHDF5IO.html:149:1 (NWBHDF5IO.Rd:126): Warning: <h5> anchor "Returns" already defined
NWBHDF5IO.html:189:1 (NWBHDF5IO.Rd:157): Warning: <h5> anchor "Usage" already defined
NWBHDF5IO.html:195:1 (NWBHDF5IO.Rd:161): Warning: <h5> anchor "Arguments" already defined
NWBHDF5IO.html:209:1 (NWBHDF5IO.Rd:169): Warning: <h5> anchor "Returns" already defined
NWBHDF5IO.html:230:1 (NWBHDF5IO.Rd:182): Warning: <h5> anchor "Usage" already defined
NWBHDF5IO.html:236:1 (NWBHDF5IO.Rd:186): Warning: <h5> anchor "Returns" already defined
NWBHDF5IO.html:254:1 (NWBHDF5IO.Rd:196): Warning: <h5> anchor "Usage" already defined
NWBHDF5IO.html:260:1 (NWBHDF5IO.Rd:200): Warning: <h5> anchor "Returns" already defined
NWBHDF5IO.html:277:1 (NWBHDF5IO.Rd:209): Warning: <h5> anchor "Usage" already defined
NWBHDF5IO.html:283:1 (NWBHDF5IO.Rd:213): Warning: <h5> anchor "Arguments" already defined
NWBHDF5IO.html:301:1 (NWBHDF5IO.Rd:225): Warning: <h5> anchor "Returns" already defined
NWBHDF5IO.html:308:1 (NWBHDF5IO.Rd:228): Warning: <h5> anchor "Examples" already defined
NWBHDF5IO.html:334:1 (NWBHDF5IO.Rd:249): Warning: <h5> anchor "Usage" already defined
NWBHDF5IO.html:340:1 (NWBHDF5IO.Rd:253): Warning: <h5> anchor "Arguments" already defined
SignalDataCache.html:212:1 (SignalDataCache.Rd:109): Warning: missing </ul> before </div>
SignalDataCache.html:92:1 (SignalDataCache.Rd:41): Warning: <h5> anchor "Usage" already defined
SignalDataCache.html:98:1 (SignalDataCache.Rd:45): Warning: <h5> anchor "Arguments" already defined
SignalDataCache.html:121:1 (SignalDataCache.Rd:58): Warning: <h5> anchor "Usage" already defined
SignalDataCache.html:127:1 (SignalDataCache.Rd:62): Warning: <h5> anchor "Arguments" already defined
SignalDataCache.html:150:1 (SignalDataCache.Rd:75): Warning: <h5> anchor "Usage" already defined
SignalDataCache.html:156:1 (SignalDataCache.Rd:79): Warning: <h5> anchor "Arguments" already defined
SignalDataCache.html:189:1 (SignalDataCache.Rd:98): Warning: <h5> anchor "Usage" already defined
SignalDataCache.html:195:1 (SignalDataCache.Rd:102): Warning: <h5> anchor "Arguments" already defined
Flavors: r-devel-linux-x86_64-debian-clang, r-devel-linux-x86_64-debian-gcc