CRAN Package Check Results for Package impimp

Last updated on 2025-10-21 17:49:51 CEST.

Flavor Version Tinstall Tcheck Ttotal Status Flags
r-devel-linux-x86_64-debian-clang 0.3.1 2.31 21.74 24.05 NOTE
r-devel-linux-x86_64-debian-gcc 0.3.1 1.66 16.98 18.64 NOTE
r-devel-linux-x86_64-fedora-clang 0.3.1 35.71 OK
r-devel-linux-x86_64-fedora-gcc 0.3.1 32.48 OK
r-devel-windows-x86_64 0.3.1 3.00 39.00 42.00 OK
r-patched-linux-x86_64 0.3.1 2.23 20.10 22.33 OK
r-release-linux-x86_64 0.3.1 1.62 20.31 21.93 OK
r-release-macos-arm64 0.3.1 1.00 15.00 16.00 OK
r-release-macos-x86_64 0.3.1 2.00 23.00 25.00 OK
r-release-windows-x86_64 0.3.1 3.00 45.00 48.00 OK
r-oldrel-macos-arm64 0.3.1 1.00 13.00 14.00 NOTE
r-oldrel-macos-x86_64 0.3.1 2.00 21.00 23.00 NOTE
r-oldrel-windows-x86_64 0.3.1 3.00 41.00 44.00 NOTE

Check Details

Version: 0.3.1
Check: top-level files
Result: NOTE Found the following validation problem for the NEWS.Rd HTML conversion: NEWS.html:104:1 (inst/NEWS.Rd:43): Warning: missing </ul> before </div> NEWS.html:56:1 (inst/NEWS.Rd:21): Warning: <h4> anchor "New-features" already defined Flavors: r-devel-linux-x86_64-debian-clang, r-devel-linux-x86_64-debian-gcc

Version: 0.3.1
Check: LazyData
Result: NOTE 'LazyData' is specified without a 'data' directory Flavors: r-oldrel-macos-arm64, r-oldrel-macos-x86_64, r-oldrel-windows-x86_64