Last updated on 2025-10-24 18:49:58 CEST.
| Flavor | Version | Tinstall | Tcheck | Ttotal | Status | Flags |
|---|---|---|---|---|---|---|
| r-devel-linux-x86_64-debian-clang | 0.5 | 1.87 | 28.83 | 30.70 | NOTE | |
| r-devel-linux-x86_64-debian-gcc | 0.5 | 1.45 | 23.12 | 24.57 | NOTE | |
| r-devel-linux-x86_64-fedora-clang | 0.5 | 49.34 | OK | |||
| r-devel-linux-x86_64-fedora-gcc | 0.5 | 59.87 | OK | |||
| r-devel-windows-x86_64 | 0.5 | 3.00 | 48.00 | 51.00 | OK | |
| r-patched-linux-x86_64 | 0.5 | 2.19 | 27.36 | 29.55 | OK | |
| r-release-linux-x86_64 | 0.5 | 1.75 | 27.67 | 29.42 | OK | |
| r-release-macos-arm64 | 0.5 | 1.00 | 24.00 | 25.00 | OK | |
| r-release-macos-x86_64 | 0.5 | 3.00 | 54.00 | 57.00 | OK | |
| r-release-windows-x86_64 | 0.5 | 3.00 | 50.00 | 53.00 | OK | |
| r-oldrel-macos-arm64 | 0.5 | 1.00 | 22.00 | 23.00 | OK | |
| r-oldrel-macos-x86_64 | 0.5 | 2.00 | 39.00 | 41.00 | OK | |
| r-oldrel-windows-x86_64 | 0.5 | 5.00 | 62.00 | 67.00 | OK |
Version: 0.5
Check: CRAN incoming feasibility
Result: NOTE
Maintainer: ‘Jonas Christoffer Lindstrøm <jonaslindstrom88@gmail.com>’
No Authors@R field in DESCRIPTION.
Please add one, modifying
Authors@R: person(given = c("Jonas", "Christoffer"),
family = "Lindstrøm",
role = c("aut", "cre"),
email = "jonaslindstrom88@gmail.com")
as necessary.
Flavors: r-devel-linux-x86_64-debian-clang, r-devel-linux-x86_64-debian-gcc