Last updated on 2025-10-21 11:53:26 CEST.
Flavor | Version | Tinstall | Tcheck | Ttotal | Status | Flags |
---|---|---|---|---|---|---|
r-devel-linux-x86_64-debian-clang | 1.0.3 | 16.88 | 48.40 | 65.28 | NOTE | |
r-devel-linux-x86_64-debian-gcc | 1.0.3 | 11.86 | 35.28 | 47.14 | NOTE | |
r-devel-linux-x86_64-fedora-clang | 1.0.3 | 106.29 | OK | |||
r-devel-linux-x86_64-fedora-gcc | 1.0.3 | 42.00 | 55.65 | 97.65 | OK | |
r-devel-windows-x86_64 | 1.0.3 | 22.00 | 81.00 | 103.00 | OK | |
r-patched-linux-x86_64 | 1.0.3 | 16.93 | 45.54 | 62.47 | OK | |
r-release-linux-x86_64 | 1.0.3 | 16.86 | 45.51 | 62.37 | OK | |
r-release-macos-arm64 | 1.0.3 | 37.00 | OK | |||
r-release-macos-x86_64 | 1.0.3 | 16.00 | 43.00 | 59.00 | OK | |
r-release-windows-x86_64 | 1.0.3 | 22.00 | 80.00 | 102.00 | OK | |
r-oldrel-macos-arm64 | 1.0.3 | 38.00 | OK | |||
r-oldrel-macos-x86_64 | 1.0.3 | 56.00 | OK | |||
r-oldrel-windows-x86_64 | 1.0.3 | 26.00 | 95.00 | 121.00 | OK |
Version: 1.0.3
Check: HTML version of manual
Result: NOTE
Found the following HTML validation problems:
orca.halfdelta.html:54:1 (orca.halfdelta.Rd:14): Warning: missing </ul> before </div>
Flavors: r-devel-linux-x86_64-debian-clang, r-devel-linux-x86_64-debian-gcc