CRAN Package Check Results for Package influxdbr

Last updated on 2025-10-22 23:49:58 CEST.

Flavor Version Tinstall Tcheck Ttotal Status Flags
r-devel-linux-x86_64-debian-clang 0.14.2 3.47 32.47 35.94 NOTE
r-devel-linux-x86_64-debian-gcc 0.14.2 2.52 25.26 27.78 NOTE
r-devel-linux-x86_64-fedora-clang 0.14.2 55.31 OK
r-devel-linux-x86_64-fedora-gcc 0.14.2 47.89 OK
r-devel-windows-x86_64 0.14.2 5.00 50.00 55.00 OK
r-patched-linux-x86_64 0.14.2 3.15 29.40 32.55 OK
r-release-linux-x86_64 0.14.2 2.92 29.25 32.17 OK
r-release-macos-arm64 0.14.2 2.00 18.00 20.00 OK
r-release-macos-x86_64 0.14.2 3.00 30.00 33.00 OK
r-release-windows-x86_64 0.14.2 7.00 51.00 58.00 OK
r-oldrel-macos-arm64 0.14.2 2.00 16.00 18.00 OK
r-oldrel-macos-x86_64 0.14.2 3.00 26.00 29.00 OK
r-oldrel-windows-x86_64 0.14.2 7.00 57.00 64.00 OK

Check Details

Version: 0.14.2
Check: CRAN incoming feasibility
Result: NOTE Maintainer: ‘Dominik Leutnant <leutnant@fh-muenster.de>’ Found the following (possibly) invalid file URI: URI: CONDUCT.md From: README.md Flavors: r-devel-linux-x86_64-debian-clang, r-devel-linux-x86_64-debian-gcc

Version: 0.14.2
Check: HTML version of manual
Result: NOTE Found the following HTML validation problems: check_srv_comm.html:48:1 (check_srv_comm.Rd:11): Warning: missing </ul> before </div> get_precision_divisor.html:48:1 (get_precision_divisor.Rd:11): Warning: missing </ul> before </div> Flavor: r-devel-linux-x86_64-debian-clang