Last updated on 2025-10-22 11:51:12 CEST.
Flavor | Version | Tinstall | Tcheck | Ttotal | Status | Flags |
---|---|---|---|---|---|---|
r-devel-linux-x86_64-debian-clang | 2.13.0 | 23.64 | 261.21 | 284.85 | NOTE | |
r-devel-linux-x86_64-debian-gcc | 2.13.0 | 16.80 | 178.11 | 194.91 | NOTE | |
r-devel-linux-x86_64-fedora-clang | 2.13.0 | 134.00 | 622.55 | 756.55 | OK | |
r-devel-linux-x86_64-fedora-gcc | 2.13.0 | 48.00 | 649.95 | 697.95 | OK | |
r-devel-windows-x86_64 | 2.13.0 | 25.00 | 261.00 | 286.00 | OK | |
r-patched-linux-x86_64 | 2.13.0 | 27.56 | 244.42 | 271.98 | OK | |
r-release-linux-x86_64 | 2.13.0 | 21.97 | 246.30 | 268.27 | OK | |
r-release-macos-arm64 | 2.13.0 | 13.00 | 95.00 | 108.00 | OK | |
r-release-macos-x86_64 | 2.13.0 | 21.00 | 212.00 | 233.00 | OK | |
r-release-windows-x86_64 | 2.13.0 | 27.00 | 265.00 | 292.00 | OK | |
r-oldrel-macos-arm64 | 2.13.0 | 8.00 | 98.00 | 106.00 | NOTE | |
r-oldrel-macos-x86_64 | 2.13.0 | 22.00 | 195.00 | 217.00 | NOTE | |
r-oldrel-windows-x86_64 | 2.13.0 | 37.00 | 338.00 | 375.00 | OK |
Version: 2.13.0
Check: HTML version of manual
Result: NOTE
Found the following HTML validation problems:
bru_compute_linearisation.html:176:1 (bru_compute_linearisation.Rd:99): Warning: missing </ul> before </div>
bru_inla.stack.mjoin.html:76:1 (bru_inla.stack.mjoin.Rd:32): Warning: missing </ul> before </div>
bru_make_stack.html:82:1 (bru_make_stack.Rd:31): Warning: missing </ul> before </div>
bru_timings.html:54:1 (bru_timings.Rd:15): Warning: missing </ul> before </div>
parse_inclusion.html:59:1 (parse_inclusion.Rd:19): Warning: missing </ul> before </div>
Flavors: r-devel-linux-x86_64-debian-clang, r-devel-linux-x86_64-debian-gcc
Version: 2.13.0
Check: package dependencies
Result: NOTE
Package suggested but not available for checking: ‘INLA’
Flavors: r-oldrel-macos-arm64, r-oldrel-macos-x86_64