CRAN Package Check Results for Package insurancerating

Last updated on 2025-10-22 23:49:59 CEST.

Flavor Version Tinstall Tcheck Ttotal Status Flags
r-devel-linux-x86_64-debian-clang 0.7.5 18.62 159.18 177.80 NOTE
r-devel-linux-x86_64-debian-gcc 0.7.5 11.85 112.70 124.55 NOTE
r-devel-linux-x86_64-fedora-clang 0.7.5 105.00 183.40 288.40 NOTE
r-devel-linux-x86_64-fedora-gcc 0.7.5 39.00 219.15 258.15 NOTE
r-devel-windows-x86_64 0.7.5 19.00 155.00 174.00 NOTE
r-patched-linux-x86_64 0.7.5 19.48 150.33 169.81 NOTE
r-release-linux-x86_64 0.7.5 17.18 149.20 166.38 NOTE
r-release-macos-arm64 0.7.5 8.00 62.00 70.00 NOTE
r-release-macos-x86_64 0.7.5 16.00 133.00 149.00 OK
r-release-windows-x86_64 0.7.5 19.00 157.00 176.00 NOTE
r-oldrel-macos-arm64 0.7.5 7.00 57.00 64.00 OK
r-oldrel-macos-x86_64 0.7.5 13.00 111.00 124.00 OK
r-oldrel-windows-x86_64 0.7.5 29.00 206.00 235.00 OK

Check Details

Version: 0.7.5
Check: DESCRIPTION meta-information
Result: NOTE Missing dependency on R >= 4.1.0 because package code uses the pipe |> or function shorthand \(...) syntax added in R 4.1.0. File(s) using such syntax: ‘autoplot.restricted.Rd’ ‘autoplot.riskfactor.Rd’ ‘rating_factors.Rd’ Flavors: r-devel-linux-x86_64-debian-clang, r-devel-linux-x86_64-debian-gcc, r-devel-linux-x86_64-fedora-clang, r-devel-linux-x86_64-fedora-gcc, r-devel-windows-x86_64, r-patched-linux-x86_64, r-release-linux-x86_64, r-release-macos-arm64, r-release-windows-x86_64

Version: 0.7.5
Check: HTML version of manual
Result: NOTE Found the following HTML validation problems: update_formula_add.html:54:1 (update_formula_add.Rd:14): Warning: missing </ul> before </div> Flavor: r-devel-linux-x86_64-debian-clang