Last updated on 2025-10-21 17:49:51 CEST.
Flavor | Version | Tinstall | Tcheck | Ttotal | Status | Flags |
---|---|---|---|---|---|---|
r-devel-linux-x86_64-debian-clang | 1.1-6 | 198.67 | 207.86 | 406.53 | NOTE | |
r-devel-linux-x86_64-debian-gcc | 1.1-6 | 110.44 | 146.58 | 257.02 | NOTE | |
r-devel-linux-x86_64-fedora-clang | 1.1-6 | 252.00 | 306.65 | 558.65 | OK | |
r-devel-linux-x86_64-fedora-gcc | 1.1-6 | 311.00 | 292.48 | 603.48 | OK | |
r-devel-windows-x86_64 | 1.1-6 | 133.00 | 289.00 | 422.00 | OK | |
r-patched-linux-x86_64 | 1.1-6 | 151.81 | 215.49 | 367.30 | OK | |
r-release-linux-x86_64 | 1.1-6 | 152.23 | 212.40 | 364.63 | OK | |
r-release-macos-arm64 | 1.1-6 | 69.00 | 95.00 | 164.00 | OK | |
r-release-macos-x86_64 | 1.1-6 | 64.00 | 215.00 | 279.00 | OK | |
r-release-windows-x86_64 | 1.1-6 | 133.00 | 290.00 | 423.00 | OK | |
r-oldrel-macos-arm64 | 1.1-6 | 71.00 | 107.00 | 178.00 | NOTE | |
r-oldrel-macos-x86_64 | 1.1-6 | 48.00 | 151.00 | 199.00 | NOTE | |
r-oldrel-windows-x86_64 | 1.1-6 | 165.00 | 349.00 | 514.00 | OK |
Version: 1.1-6
Check: HTML version of manual
Result: NOTE
Found the following HTML validation problems:
bilinear.html:120:1 (bilinear.Rd:69): Warning: <h3> anchor "_sec_note" already defined
Flavors: r-devel-linux-x86_64-debian-clang, r-devel-linux-x86_64-debian-gcc
Version: 1.1-6
Check: installed package size
Result: NOTE
installed size is 39.5Mb
sub-directories of 1Mb or more:
doc 1.1Mb
libs 38.1Mb
Flavors: r-oldrel-macos-arm64, r-oldrel-macos-x86_64