CRAN Package Check Results for Package intrinsicKappa

Last updated on 2025-10-22 17:49:41 CEST.

Flavor Version Tinstall Tcheck Ttotal Status Flags
r-devel-linux-x86_64-debian-clang 0.1 1.67 21.53 23.20 NOTE
r-devel-linux-x86_64-debian-gcc 0.1 1.37 18.04 19.41 NOTE
r-devel-linux-x86_64-fedora-clang 0.1 36.23 OK
r-devel-linux-x86_64-fedora-gcc 0.1 44.71 OK
r-devel-windows-x86_64 0.1 3.00 42.00 45.00 OK
r-patched-linux-x86_64 0.1 1.23 20.31 21.54 OK
r-release-linux-x86_64 0.1 1.27 20.61 21.88 OK
r-release-macos-arm64 0.1 1.00 22.00 23.00 OK
r-release-macos-x86_64 0.1 1.00 38.00 39.00 OK
r-release-windows-x86_64 0.1 2.00 43.00 45.00 OK
r-oldrel-macos-arm64 0.1 1.00 20.00 21.00 OK
r-oldrel-macos-x86_64 0.1 1.00 41.00 42.00 OK
r-oldrel-windows-x86_64 0.1 3.00 47.00 50.00 OK

Check Details

Version: 0.1
Check: HTML version of manual
Result: NOTE Found the following HTML validation problems: computeStat.html:54:1 (computeStat.Rd:14): Warning: missing </ul> before </div> Flavors: r-devel-linux-x86_64-debian-clang, r-devel-linux-x86_64-debian-gcc