Last updated on 2024-05-26 21:49:19 CEST.
Flavor | Version | Tinstall | Tcheck | Ttotal | Status | Flags |
---|---|---|---|---|---|---|
r-devel-linux-x86_64-debian-clang | 0.3.2 | 5.14 | 44.12 | 49.26 | OK | |
r-devel-linux-x86_64-debian-gcc | 0.3.2 | 3.37 | 32.18 | 35.55 | OK | |
r-devel-linux-x86_64-fedora-clang | 0.3.2 | 60.23 | OK | |||
r-devel-linux-x86_64-fedora-gcc | 0.3.2 | 56.02 | OK | |||
r-devel-windows-x86_64 | 0.3.2 | 6.00 | 52.00 | 58.00 | OK | |
r-patched-linux-x86_64 | 0.3.2 | 4.68 | 40.08 | 44.76 | OK | |
r-release-linux-x86_64 | 0.3.2 | 4.84 | 42.01 | 46.85 | OK | |
r-release-macos-arm64 | 0.3.2 | 20.00 | OK | |||
r-release-windows-x86_64 | 0.3.2 | 6.00 | 52.00 | 58.00 | OK | |
r-oldrel-macos-arm64 | 0.3.2 | 22.00 | NOTE | |||
r-oldrel-macos-x86_64 | 0.3.2 | 30.00 | NOTE | |||
r-oldrel-windows-x86_64 | 0.3.2 | 6.00 | 54.00 | 60.00 | OK |
Version: 0.3.2
Check: package dependencies
Result: NOTE
Package suggested but not available for checking: ‘rhdf5’
Flavors: r-oldrel-macos-arm64, r-oldrel-macos-x86_64