Last updated on 2025-10-22 11:51:12 CEST.
Flavor | Version | Tinstall | Tcheck | Ttotal | Status | Flags |
---|---|---|---|---|---|---|
r-devel-linux-x86_64-debian-clang | 1.0.0 | 4.56 | 34.92 | 39.48 | NOTE | |
r-devel-linux-x86_64-debian-gcc | 1.0.0 | 2.98 | 25.50 | 28.48 | NOTE | |
r-devel-linux-x86_64-fedora-clang | 1.0.0 | 13.00 | 46.23 | 59.23 | OK | |
r-devel-linux-x86_64-fedora-gcc | 1.0.0 | 12.00 | 41.02 | 53.02 | OK | |
r-devel-windows-x86_64 | 1.0.0 | 6.00 | 60.00 | 66.00 | OK | |
r-patched-linux-x86_64 | 1.0.0 | 5.31 | 32.66 | 37.97 | OK | |
r-release-linux-x86_64 | 1.0.0 | 4.40 | 32.98 | 37.38 | OK | |
r-release-macos-arm64 | 1.0.0 | 2.00 | 17.00 | 19.00 | OK | |
r-release-macos-x86_64 | 1.0.0 | 4.00 | 29.00 | 33.00 | OK | |
r-release-windows-x86_64 | 1.0.0 | 6.00 | 64.00 | 70.00 | OK | |
r-oldrel-macos-arm64 | 1.0.0 | 2.00 | 17.00 | 19.00 | OK | |
r-oldrel-macos-x86_64 | 1.0.0 | 3.00 | 24.00 | 27.00 | OK | |
r-oldrel-windows-x86_64 | 1.0.0 | 6.00 | 57.00 | 63.00 | OK |
Version: 1.0.0
Check: CRAN incoming feasibility
Result: NOTE
Maintainer: ‘Rama Ranjan Panda<rrpanda.phd2018.cs@nitrr.ac.in>’
No Authors@R field in DESCRIPTION.
Please add one, modifying
Authors@R: c(person(given = c("Rama", "Ranjan"),
family = "Panda",
role = c("aut", "cre"),
email = "rrpanda.phd2018.cs@nitrr.ac.in"),
person(given = c("Naresh", "Kumar"),
family = "Nagwani",
role = "aut"))
as necessary.
Flavors: r-devel-linux-x86_64-debian-clang, r-devel-linux-x86_64-debian-gcc